Last updated on 2025-04-30 04:50:02 CEST.
Flavor | Version | Tinstall | Tcheck | Ttotal | Status | Flags |
---|---|---|---|---|---|---|
r-devel-linux-x86_64-debian-clang | 1.0.0 | 20.16 | 167.67 | 187.83 | NOTE | |
r-devel-linux-x86_64-debian-gcc | 1.0.0 | 13.94 | 116.12 | 130.06 | OK | |
r-devel-linux-x86_64-fedora-clang | 1.0.0 | 273.30 | OK | |||
r-devel-linux-x86_64-fedora-gcc | 1.0.0 | 275.97 | OK | |||
r-devel-windows-x86_64 | 1.0.0 | 20.00 | 143.00 | 163.00 | OK | |
r-patched-linux-x86_64 | 1.0.0 | 19.52 | 153.75 | 173.27 | OK | |
r-release-linux-x86_64 | 1.0.0 | 18.88 | 153.08 | 171.96 | OK | |
r-release-macos-arm64 | 1.0.0 | 73.00 | OK | |||
r-release-macos-x86_64 | 1.0.0 | 129.00 | OK | |||
r-release-windows-x86_64 | 1.0.0 | 21.00 | 143.00 | 164.00 | OK | |
r-oldrel-macos-arm64 | 1.0.0 | 68.00 | OK | |||
r-oldrel-macos-x86_64 | 1.0.0 | 102.00 | OK | |||
r-oldrel-windows-x86_64 | 1.0.0 | 28.00 | 191.00 | 219.00 | OK |
Version: 1.0.0
Check: examples
Result: NOTE
Examples with CPU (user + system) or elapsed time > 5s
user system elapsed
CMMs 4.463 0.085 5.184
Flavor: r-devel-linux-x86_64-debian-clang