Last updated on 2025-04-30 04:50:02 CEST.
Flavor | Version | Tinstall | Tcheck | Ttotal | Status | Flags |
---|---|---|---|---|---|---|
r-devel-linux-x86_64-debian-clang | 0.1-2 | 2.43 | 26.82 | 29.25 | NOTE | |
r-devel-linux-x86_64-debian-gcc | 0.1-2 | 1.42 | 20.60 | 22.02 | NOTE | |
r-devel-linux-x86_64-fedora-clang | 0.1-2 | 45.15 | NOTE | |||
r-devel-linux-x86_64-fedora-gcc | 0.1-2 | 45.30 | NOTE | |||
r-devel-windows-x86_64 | 0.1-2 | 4.00 | 51.00 | 55.00 | NOTE | |
r-patched-linux-x86_64 | 0.1-2 | 2.52 | 25.55 | 28.07 | NOTE | |
r-release-linux-x86_64 | 0.1-2 | 2.36 | 25.52 | 27.88 | NOTE | |
r-release-macos-arm64 | 0.1-2 | 20.00 | NOTE | |||
r-release-macos-x86_64 | 0.1-2 | 32.00 | NOTE | |||
r-release-windows-x86_64 | 0.1-2 | 5.00 | 48.00 | 53.00 | NOTE | |
r-oldrel-macos-arm64 | 0.1-2 | 19.00 | NOTE | |||
r-oldrel-macos-x86_64 | 0.1-2 | 25.00 | NOTE | |||
r-oldrel-windows-x86_64 | 0.1-2 | 4.00 | 53.00 | 57.00 | NOTE |
Version: 0.1-2
Check: Rd files
Result: NOTE
checkRd: (-1) cnlt.reg.Rd:43: Lost braces
43 | \emph{Technometrics}, bold{60} (1), 48-60, DOI 10.1080/00401706.2017.1281846.\cr\cr
| ^
checkRd: (-1) fwtnppermC.Rd:35: Lost braces
35 | Given \eqn{n} points on a line, \env{x}, each with a corresponding env{f} value this function computes
| ^
Flavors: r-devel-linux-x86_64-debian-clang, r-devel-linux-x86_64-debian-gcc, r-devel-linux-x86_64-fedora-clang, r-devel-linux-x86_64-fedora-gcc, r-devel-windows-x86_64, r-patched-linux-x86_64, r-release-linux-x86_64, r-release-macos-arm64, r-release-macos-x86_64, r-release-windows-x86_64, r-oldrel-macos-arm64, r-oldrel-macos-x86_64, r-oldrel-windows-x86_64