CRAN Package Check Results for Package CNPS

Last updated on 2025-04-30 04:50:02 CEST.

Flavor Version Tinstall Tcheck Ttotal Status Flags
r-devel-linux-x86_64-debian-clang 1.0.0 3.91 36.73 40.64 NOTE
r-devel-linux-x86_64-debian-gcc 1.0.0 2.74 24.84 27.58 NOTE
r-devel-linux-x86_64-fedora-clang 1.0.0 65.08 OK
r-devel-linux-x86_64-fedora-gcc 1.0.0 66.22 OK
r-devel-windows-x86_64 1.0.0 4.00 55.00 59.00 OK
r-patched-linux-x86_64 1.0.0 3.70 35.01 38.71 OK
r-release-linux-x86_64 1.0.0 2.99 34.71 37.70 OK
r-release-macos-arm64 1.0.0 19.00 OK
r-release-macos-x86_64 1.0.0 46.00 OK
r-release-windows-x86_64 1.0.0 6.00 55.00 61.00 OK
r-oldrel-macos-arm64 1.0.0 24.00 OK
r-oldrel-macos-x86_64 1.0.0 36.00 OK
r-oldrel-windows-x86_64 1.0.0 6.00 63.00 69.00 OK

Check Details

Version: 1.0.0
Check: CRAN incoming feasibility
Result: NOTE Maintainer: ‘JiaSheng Zhang <zhangjiasheng0509@outlook.com>’ No Authors@R field in DESCRIPTION. Please add one, modifying Authors@R: c(person(given = "JiaSheng", family = "Zhang", role = c("aut", "cre"), email = "zhangjiasheng0509@outlook.com", comment = "<zhangjiasheng0509@outlook.com>"), person(given = "SiWei", family = "Deng", role = "aut"), person(given = "Feng", family = "Yu", role = "aut"), person(given = "YangYang", family = "Zhang", role = "aut")) as necessary. Flavors: r-devel-linux-x86_64-debian-clang, r-devel-linux-x86_64-debian-gcc

Version: 1.0.0
Check: examples
Result: NOTE Examples with CPU (user + system) or elapsed time > 5s user system elapsed ksample_test 7.599 0 10.491 Flavor: r-devel-linux-x86_64-debian-clang