Last updated on 2025-04-30 04:50:02 CEST.
Flavor | Version | Tinstall | Tcheck | Ttotal | Status | Flags |
---|---|---|---|---|---|---|
r-devel-linux-x86_64-debian-clang | 1.0 | 9.84 | 107.01 | 116.85 | NOTE | |
r-devel-linux-x86_64-debian-gcc | 1.0 | 7.03 | 77.39 | 84.42 | NOTE | |
r-devel-linux-x86_64-fedora-clang | 1.0 | 183.83 | OK | |||
r-devel-linux-x86_64-fedora-gcc | 1.0 | 204.63 | OK | |||
r-devel-windows-x86_64 | 1.0 | 11.00 | 111.00 | 122.00 | OK | |
r-patched-linux-x86_64 | 1.0 | 10.35 | 101.98 | 112.33 | OK | |
r-release-linux-x86_64 | 1.0 | 9.72 | 102.77 | 112.49 | OK | |
r-release-macos-arm64 | 1.0 | 57.00 | OK | |||
r-release-macos-x86_64 | 1.0 | 105.00 | OK | |||
r-release-windows-x86_64 | 1.0 | 11.00 | 107.00 | 118.00 | OK | |
r-oldrel-macos-arm64 | 1.0 | 61.00 | OK | |||
r-oldrel-macos-x86_64 | 1.0 | 110.00 | OK | |||
r-oldrel-windows-x86_64 | 1.0 | 13.00 | 134.00 | 147.00 | OK |
Version: 1.0
Check: examples
Result: NOTE
Examples with CPU (user + system) or elapsed time > 5s
user system elapsed
cvfit_WTSMTH 6.635 0.033 8.628
Flavor: r-devel-linux-x86_64-debian-clang
Version: 1.0
Check: examples
Result: NOTE
Examples with CPU (user + system) or elapsed time > 5s
user system elapsed
cvfit_WTSMTH 4.672 0.128 5.531
Flavor: r-devel-linux-x86_64-debian-gcc