Last updated on 2025-04-30 04:50:02 CEST.
Flavor | Version | Tinstall | Tcheck | Ttotal | Status | Flags |
---|---|---|---|---|---|---|
r-devel-linux-x86_64-debian-clang | 1.1.14 | 14.02 | 294.48 | 308.50 | NOTE | |
r-devel-linux-x86_64-debian-gcc | 1.1.14 | 9.09 | 193.48 | 202.57 | NOTE | |
r-devel-linux-x86_64-fedora-clang | 1.1.14 | 517.73 | NOTE | |||
r-devel-linux-x86_64-fedora-gcc | 1.1.14 | 501.48 | NOTE | |||
r-devel-windows-x86_64 | 1.1.14 | 15.00 | 294.00 | 309.00 | NOTE | |
r-patched-linux-x86_64 | 1.1.14 | 15.52 | 276.73 | 292.25 | NOTE | |
r-release-linux-x86_64 | 1.1.14 | 14.36 | 275.58 | 289.94 | NOTE | |
r-release-macos-arm64 | 1.1.14 | 152.00 | NOTE | |||
r-release-macos-x86_64 | 1.1.14 | 270.00 | NOTE | |||
r-release-windows-x86_64 | 1.1.14 | 18.00 | 287.00 | 305.00 | NOTE | |
r-oldrel-macos-arm64 | 1.1.14 | 138.00 | OK | |||
r-oldrel-macos-x86_64 | 1.1.14 | 198.00 | OK | |||
r-oldrel-windows-x86_64 | 1.1.14 | 19.00 | 382.00 | 401.00 | OK |
Version: 1.1.14
Check: DESCRIPTION meta-information
Result: NOTE
Missing dependency on R >= 4.1.0 because package code uses the pipe
|> or function shorthand \(...) syntax added in R 4.1.0.
File(s) using such syntax:
‘utils.R’
Flavors: r-devel-linux-x86_64-debian-clang, r-devel-linux-x86_64-debian-gcc, r-devel-linux-x86_64-fedora-clang, r-devel-linux-x86_64-fedora-gcc, r-devel-windows-x86_64, r-patched-linux-x86_64, r-release-linux-x86_64, r-release-macos-arm64, r-release-macos-x86_64, r-release-windows-x86_64