CRAN Package Check Results for Package CONCUR

Last updated on 2025-04-30 04:50:02 CEST.

Flavor Version Tinstall Tcheck Ttotal Status Flags
r-devel-linux-x86_64-debian-clang 1.4 9.14 69.35 78.49 NOTE
r-devel-linux-x86_64-debian-gcc 1.4 6.49 50.37 56.86 NOTE
r-devel-linux-x86_64-fedora-clang 1.4 124.31 OK
r-devel-linux-x86_64-fedora-gcc 1.4 127.07 OK
r-devel-windows-x86_64 1.4 10.00 77.00 87.00 OK
r-patched-linux-x86_64 1.4 7.97 66.07 74.04 OK
r-release-linux-x86_64 1.4 8.02 65.92 73.94 OK
r-release-macos-arm64 1.4 38.00 OK
r-release-macos-x86_64 1.4 65.00 OK
r-release-windows-x86_64 1.4 10.00 82.00 92.00 OK
r-oldrel-macos-arm64 1.4 34.00 OK
r-oldrel-macos-x86_64 1.4 54.00 OK
r-oldrel-windows-x86_64 1.4 13.00 91.00 104.00 OK

Check Details

Version: 1.4
Check: CRAN incoming feasibility
Result: NOTE Maintainer: ‘Shannon T. Holloway <shannon.t.holloway@gmail.com>’ No Authors@R field in DESCRIPTION. Please add one, modifying Authors@R: c(person(given = "Amanda", family = "Brucker", role = "aut"), person(given = c("Shannon", "T."), family = "Holloway", role = c("aut", "cre"), email = "shannon.t.holloway@gmail.com"), person(given = "Jung-Ying", family = "Tzeng", role = "aut")) as necessary. Flavors: r-devel-linux-x86_64-debian-clang, r-devel-linux-x86_64-debian-gcc