CRAN Package Check Results for Package COST

Last updated on 2025-04-30 04:50:02 CEST.

Flavor Version Tinstall Tcheck Ttotal Status Flags
r-devel-linux-x86_64-debian-clang 0.1.0 9.28 69.69 78.97 NOTE
r-devel-linux-x86_64-debian-gcc 0.1.0 6.38 51.56 57.94 NOTE
r-devel-linux-x86_64-fedora-clang 0.1.0 122.65 OK
r-devel-linux-x86_64-fedora-gcc 0.1.0 129.08 OK
r-devel-windows-x86_64 0.1.0 9.00 83.00 92.00 OK
r-patched-linux-x86_64 0.1.0 9.59 66.97 76.56 OK
r-release-linux-x86_64 0.1.0 8.35 66.22 74.57 OK
r-release-macos-arm64 0.1.0 40.00 OK
r-release-macos-x86_64 0.1.0 68.00 OK
r-release-windows-x86_64 0.1.0 10.00 78.00 88.00 OK
r-oldrel-macos-arm64 0.1.0 36.00 OK
r-oldrel-macos-x86_64 0.1.0 56.00 OK
r-oldrel-windows-x86_64 0.1.0 12.00 97.00 109.00 OK

Check Details

Version: 0.1.0
Check: CRAN incoming feasibility
Result: NOTE Maintainer: ‘Yanlin Tang <yanlintang2018@163.com>’ No Authors@R field in DESCRIPTION. Please add one, modifying Authors@R: c(person(given = "Yanlin", family = "Tang", role = c("aut", "cre"), email = "yanlintang2018@163.com"), person(given = c("Huixia", "Judy"), family = "Wang", role = "aut")) as necessary. Flavors: r-devel-linux-x86_64-debian-clang, r-devel-linux-x86_64-debian-gcc