Last updated on 2025-04-30 04:50:02 CEST.
Flavor | Version | Tinstall | Tcheck | Ttotal | Status | Flags |
---|---|---|---|---|---|---|
r-devel-linux-x86_64-debian-clang | 1.2.0 | 8.78 | 109.70 | 118.48 | NOTE | |
r-devel-linux-x86_64-debian-gcc | 1.2.0 | 6.10 | 72.02 | 78.12 | NOTE | |
r-devel-linux-x86_64-fedora-clang | 1.2.0 | 176.70 | OK | |||
r-devel-linux-x86_64-fedora-gcc | 1.2.0 | 169.28 | OK | |||
r-devel-windows-x86_64 | 1.2.0 | 10.00 | 111.00 | 121.00 | OK | |
r-patched-linux-x86_64 | 1.2.0 | 9.03 | 101.79 | 110.82 | OK | |
r-release-linux-x86_64 | 1.2.0 | 8.68 | 99.67 | 108.35 | OK | |
r-release-macos-arm64 | 1.2.0 | 45.00 | OK | |||
r-release-macos-x86_64 | 1.2.0 | 97.00 | OK | |||
r-release-windows-x86_64 | 1.2.0 | 11.00 | 110.00 | 121.00 | OK | |
r-oldrel-macos-arm64 | 1.2.0 | 46.00 | OK | |||
r-oldrel-macos-x86_64 | 1.2.0 | 69.00 | OK | |||
r-oldrel-windows-x86_64 | 1.2.0 | 12.00 | 136.00 | 148.00 | OK |
Version: 1.2.0
Check: examples
Result: NOTE
Examples with CPU (user + system) or elapsed time > 5s
user system elapsed
summarize.posterior 7.376 0.008 9.140
sample.congruence.class.posterior 6.440 0.007 7.905
print.CRABSsets 6.412 0.010 7.911
sample.congruence.class 5.755 0.008 7.123
congruent.models 4.551 0.119 5.176
Flavor: r-devel-linux-x86_64-debian-clang
Version: 1.2.0
Check: examples
Result: NOTE
Examples with CPU (user + system) or elapsed time > 5s
user system elapsed
sample.congruence.class 3.609 0.006 5.064
Flavor: r-devel-linux-x86_64-debian-gcc