CRAN Package Check Results for Package CRTspat

Last updated on 2025-04-30 04:50:03 CEST.

Flavor Version Tinstall Tcheck Ttotal Status Flags
r-devel-linux-x86_64-debian-clang 1.3.2 8.59 114.95 123.54 NOTE
r-devel-linux-x86_64-debian-gcc 1.3.2 6.07 78.96 85.03 NOTE
r-devel-linux-x86_64-fedora-clang 1.3.2 254.31 OK
r-devel-linux-x86_64-fedora-gcc 1.3.2 267.65 OK
r-devel-windows-x86_64 1.3.2 11.00 174.00 185.00 OK
r-patched-linux-x86_64 1.3.2 9.39 103.96 113.35 OK
r-release-linux-x86_64 1.3.2 9.65 106.00 115.65 OK
r-release-macos-arm64 1.3.2 59.00 OK
r-release-macos-x86_64 1.3.2 116.00 OK
r-release-windows-x86_64 1.3.2 13.00 177.00 190.00 OK
r-oldrel-macos-arm64 1.3.2 77.00 NOTE
r-oldrel-macos-x86_64 1.3.2 119.00 NOTE
r-oldrel-windows-x86_64 1.3.2 14.00 214.00 228.00 OK

Check Details

Version: 1.3.2
Check: examples
Result: NOTE Examples with CPU (user + system) or elapsed time > 5s user system elapsed CRTpower 6.619 1.55 10.079 Flavor: r-devel-linux-x86_64-debian-clang

Version: 1.3.2
Check: examples
Result: NOTE Examples with CPU (user + system) or elapsed time > 5s user system elapsed CRTpower 5.056 0.485 6.533 Flavor: r-devel-linux-x86_64-debian-gcc

Version: 1.3.2
Check: package dependencies
Result: NOTE Package suggested but not available for checking: ‘INLA’ Flavors: r-oldrel-macos-arm64, r-oldrel-macos-x86_64