CRAN Package Check Results for Package CSGo

Last updated on 2025-02-21 03:52:10 CET.

Flavor Version Tinstall Tcheck Ttotal Status Flags
r-devel-linux-x86_64-debian-clang 0.6.7 2.13 25.40 27.53 OK
r-devel-linux-x86_64-debian-gcc 0.6.7 1.65 20.06 21.71 OK
r-devel-linux-x86_64-fedora-clang 0.6.7 46.45 NOTE
r-devel-linux-x86_64-fedora-gcc 0.6.7 55.79 NOTE
r-devel-macos-arm64 0.6.7 27.00 OK
r-devel-macos-x86_64 0.6.7 50.00 OK
r-devel-windows-x86_64 0.6.7 4.00 49.00 53.00 OK
r-patched-linux-x86_64 0.6.7 2.09 23.77 25.86 OK
r-release-linux-x86_64 0.6.7 2.16 23.68 25.84 OK
r-release-macos-arm64 0.6.7 25.00 OK
r-release-macos-x86_64 0.6.7 35.00 OK
r-release-windows-x86_64 0.6.7 4.00 68.00 72.00 OK
r-oldrel-macos-arm64 0.6.7 30.00 OK
r-oldrel-macos-x86_64 0.6.7 35.00 OK
r-oldrel-windows-x86_64 0.6.7 5.00 83.00 88.00 OK

Check Details

Version: 0.6.7
Check: dependencies in R code
Result: NOTE Namespaces in Imports field not imported from: ‘extrafont’ ‘future’ All declared Imports should be used. Flavors: r-devel-linux-x86_64-fedora-clang, r-devel-linux-x86_64-fedora-gcc