Last updated on 2025-04-30 04:50:03 CEST.
Flavor | Version | Tinstall | Tcheck | Ttotal | Status | Flags |
---|---|---|---|---|---|---|
r-devel-linux-x86_64-debian-clang | 1.4.2 | 43.38 | 411.37 | 454.75 | NOTE | |
r-devel-linux-x86_64-debian-gcc | 1.4.2 | 28.28 | 252.60 | 280.88 | OK | |
r-devel-linux-x86_64-fedora-clang | 1.4.2 | 696.09 | OK | |||
r-devel-linux-x86_64-fedora-gcc | 1.4.2 | 681.57 | OK | |||
r-devel-windows-x86_64 | 1.4.2 | 37.00 | 340.00 | 377.00 | OK | |
r-patched-linux-x86_64 | 1.4.2 | 38.51 | 379.34 | 417.85 | OK | |
r-release-linux-x86_64 | 1.4.2 | 40.55 | 382.10 | 422.65 | OK | |
r-release-macos-arm64 | 1.4.2 | 152.00 | OK | |||
r-release-macos-x86_64 | 1.4.2 | 364.00 | OK | |||
r-release-windows-x86_64 | 1.4.2 | 37.00 | 344.00 | 381.00 | OK | |
r-oldrel-macos-arm64 | 1.4.2 | 153.00 | OK | |||
r-oldrel-macos-x86_64 | 1.4.2 | 468.00 | OK | |||
r-oldrel-windows-x86_64 | 1.4.2 | 48.00 | 477.00 | 525.00 | OK |
Version: 1.4.2
Check: examples
Result: NOTE
Examples with CPU (user + system) or elapsed time > 5s
user system elapsed
ch_flow_raster_qa 4.07 0.06 5.723
Flavor: r-devel-linux-x86_64-debian-clang