CRAN Package Check Results for Package CSclone

Last updated on 2025-04-30 04:50:03 CEST.

Flavor Version Tinstall Tcheck Ttotal Status Flags
r-devel-linux-x86_64-debian-clang 1.0 2.61 25.99 28.60 NOTE
r-devel-linux-x86_64-debian-gcc 1.0 1.87 19.20 21.07 NOTE
r-devel-linux-x86_64-fedora-clang 1.0 49.13 OK
r-devel-linux-x86_64-fedora-gcc 1.0 43.03 OK
r-devel-windows-x86_64 1.0 4.00 45.00 49.00 OK
r-patched-linux-x86_64 1.0 2.76 24.40 27.16 OK
r-release-linux-x86_64 1.0 2.56 24.49 27.05 OK
r-release-macos-arm64 1.0 19.00 OK
r-release-macos-x86_64 1.0 29.00 OK
r-release-windows-x86_64 1.0 5.00 45.00 50.00 OK
r-oldrel-macos-arm64 1.0 18.00 OK
r-oldrel-macos-x86_64 1.0 26.00 OK
r-oldrel-windows-x86_64 1.0 5.00 45.00 50.00 OK

Check Details

Version: 1.0
Check: CRAN incoming feasibility
Result: NOTE Maintainer: ‘Peter Wu <peter123wu0@gmail.com>’ No Authors@R field in DESCRIPTION. Please add one, modifying Authors@R: person(given = "Peter", family = "Wu", role = c("aut", "cre"), email = "peter123wu0@gmail.com") as necessary. Flavors: r-devel-linux-x86_64-debian-clang, r-devel-linux-x86_64-debian-gcc

Version: 1.0
Check: examples
Result: NOTE Examples with CPU (user + system) or elapsed time > 5s user system elapsed CSclone 4.916 0.069 6.591 Flavor: r-devel-linux-x86_64-debian-clang