Last updated on 2025-11-02 03:51:35 CET.
| Flavor | Version | Tinstall | Tcheck | Ttotal | Status | Flags |
|---|---|---|---|---|---|---|
| r-devel-linux-x86_64-debian-clang | 1.1.5 | 9.44 | 268.38 | 277.82 | NOTE | |
| r-devel-linux-x86_64-debian-gcc | 1.1.5 | 6.45 | 155.24 | 161.69 | NOTE | |
| r-devel-linux-x86_64-fedora-clang | 1.1.5 | 22.00 | 442.82 | 464.82 | NOTE | |
| r-devel-linux-x86_64-fedora-gcc | 1.1.5 | 38.00 | 440.88 | 478.88 | NOTE | |
| r-devel-windows-x86_64 | 1.1.5 | 9.00 | 283.00 | 292.00 | OK | |
| r-patched-linux-x86_64 | 1.1.5 | 9.43 | 265.34 | 274.77 | OK | |
| r-release-linux-x86_64 | 1.1.5 | 8.81 | 256.92 | 265.73 | OK | |
| r-release-macos-arm64 | 1.1.5 | 3.00 | 96.00 | 99.00 | OK | |
| r-release-macos-x86_64 | 1.1.5 | 8.00 | 246.00 | 254.00 | OK | |
| r-release-windows-x86_64 | 1.1.5 | 9.00 | 282.00 | 291.00 | OK | |
| r-oldrel-macos-arm64 | 1.1.5 | 4.00 | 97.00 | 101.00 | OK | |
| r-oldrel-macos-x86_64 | 1.1.5 | 10.00 | 386.00 | 396.00 | OK | |
| r-oldrel-windows-x86_64 | 1.1.5 | 12.00 | 384.00 | 396.00 | OK |
Version: 1.1.5
Check: Rd files
Result: NOTE
checkRd: (-1) CUB_package.Rd:32-38: Only 2 columns allowed in this table (row 5 has 1)
Flavors: r-devel-linux-x86_64-debian-clang, r-devel-linux-x86_64-debian-gcc, r-devel-linux-x86_64-fedora-clang, r-devel-linux-x86_64-fedora-gcc