Last updated on 2025-04-30 04:50:03 CEST.
Flavor | Version | Tinstall | Tcheck | Ttotal | Status | Flags |
---|---|---|---|---|---|---|
r-devel-linux-x86_64-debian-clang | 1.9 | 12.99 | 98.78 | 111.77 | NOTE | |
r-devel-linux-x86_64-debian-gcc | 1.9 | 8.91 | 69.38 | 78.29 | NOTE | |
r-devel-linux-x86_64-fedora-clang | 1.9 | 158.48 | OK | |||
r-devel-linux-x86_64-fedora-gcc | 1.9 | 152.22 | OK | |||
r-devel-windows-x86_64 | 1.9 | 14.00 | 100.00 | 114.00 | OK | |
r-patched-linux-x86_64 | 1.9 | 12.57 | 88.45 | 101.02 | OK | |
r-release-linux-x86_64 | 1.9 | 10.65 | 89.98 | 100.63 | OK | |
r-release-macos-arm64 | 1.9 | 44.00 | OK | |||
r-release-macos-x86_64 | 1.9 | 83.00 | OK | |||
r-release-windows-x86_64 | 1.9 | 17.00 | 97.00 | 114.00 | OK | |
r-oldrel-macos-arm64 | 1.9 | 44.00 | OK | |||
r-oldrel-macos-x86_64 | 1.9 | 63.00 | OK | |||
r-oldrel-windows-x86_64 | 1.9 | 20.00 | 122.00 | 142.00 | OK |
Version: 1.9
Check: CRAN incoming feasibility
Result: NOTE
Maintainer: ‘Charles-Édouard Giguère <ce.giguere@gmail.com>’
No Authors@R field in DESCRIPTION.
Please add one, modifying
Authors@R: person(given = "Charles-Édouard",
family = "Giguère",
role = c("aut", "cre"),
email = "ce.giguere@gmail.com")
as necessary.
Flavors: r-devel-linux-x86_64-debian-clang, r-devel-linux-x86_64-debian-gcc