CRAN Package Check Results for Package CVST

Last updated on 2025-04-30 04:50:03 CEST.

Flavor Version Tinstall Tcheck Ttotal Status Flags
r-devel-linux-x86_64-debian-clang 0.2-3 8.98 80.76 89.74 NOTE
r-devel-linux-x86_64-debian-gcc 0.2-3 6.41 54.87 61.28 NOTE
r-devel-linux-x86_64-fedora-clang 0.2-3 133.16 OK
r-devel-linux-x86_64-fedora-gcc 0.2-3 128.09 OK
r-devel-windows-x86_64 0.2-3 9.00 86.00 95.00 OK
r-patched-linux-x86_64 0.2-3 8.01 74.22 82.23 OK
r-release-linux-x86_64 0.2-3 8.45 73.10 81.55 OK
r-release-macos-arm64 0.2-3 38.00 OK
r-release-macos-x86_64 0.2-3 74.00 OK
r-release-windows-x86_64 0.2-3 8.00 86.00 94.00 OK
r-oldrel-macos-arm64 0.2-3 35.00 OK
r-oldrel-macos-x86_64 0.2-3 56.00 OK
r-oldrel-windows-x86_64 0.2-3 10.00 99.00 109.00 OK

Check Details

Version: 0.2-3
Check: CRAN incoming feasibility
Result: NOTE Maintainer: ‘Tammo Krueger <tammokrueger@googlemail.com>’ No Authors@R field in DESCRIPTION. Please add one, modifying Authors@R: c(person(given = "Tammo", family = "Krueger", role = c("aut", "cre"), email = "tammokrueger@googlemail.com"), person(given = "Mikio", family = "Braun", role = "aut")) as necessary. Flavors: r-devel-linux-x86_64-debian-clang, r-devel-linux-x86_64-debian-gcc