CRAN Package Check Results for Package CaDENCE

Last updated on 2025-04-30 04:50:01 CEST.

Flavor Version Tinstall Tcheck Ttotal Status Flags
r-devel-linux-x86_64-debian-clang 1.2.5 3.12 44.52 47.64 NOTE
r-devel-linux-x86_64-debian-gcc 1.2.5 2.04 30.13 32.17 NOTE
r-devel-linux-x86_64-fedora-clang 1.2.5 69.43 OK
r-devel-linux-x86_64-fedora-gcc 1.2.5 69.53 OK
r-devel-windows-x86_64 1.2.5 4.00 70.00 74.00 OK
r-patched-linux-x86_64 1.2.5 3.41 40.55 43.96 OK
r-release-linux-x86_64 1.2.5 3.00 41.01 44.01 OK
r-release-macos-arm64 1.2.5 29.00 OK
r-release-macos-x86_64 1.2.5 63.00 OK
r-release-windows-x86_64 1.2.5 4.00 70.00 74.00 OK
r-oldrel-macos-arm64 1.2.5 24.00 OK
r-oldrel-macos-x86_64 1.2.5 57.00 OK
r-oldrel-windows-x86_64 1.2.5 4.00 75.00 79.00 OK

Check Details

Version: 1.2.5
Check: CRAN incoming feasibility
Result: NOTE Maintainer: ‘Alex J. Cannon <alex.cannon@canada.ca>’ No Authors@R field in DESCRIPTION. Please add one, modifying Authors@R: person(given = c("Alex", "J."), family = "Cannon", role = c("aut", "cre"), email = "alex.cannon@canada.ca") as necessary. Package CITATION file contains call(s) to old-style citEntry(). Please use bibentry() instead. Flavors: r-devel-linux-x86_64-debian-clang, r-devel-linux-x86_64-debian-gcc

Version: 1.2.5
Check: examples
Result: NOTE Examples with CPU (user + system) or elapsed time > 5s user system elapsed cadence.fit 6.755 0.062 8.093 gam.style 5.144 0.026 7.764 Flavor: r-devel-linux-x86_64-debian-clang