Last updated on 2025-11-03 03:49:36 CET.
| Flavor | Version | Tinstall | Tcheck | Ttotal | Status | Flags |
|---|---|---|---|---|---|---|
| r-devel-linux-x86_64-debian-clang | 1.7-0 | 8.88 | 24.87 | 33.75 | OK | |
| r-devel-linux-x86_64-debian-gcc | 1.7-0 | 7.78 | 19.51 | 27.29 | OK | |
| r-devel-linux-x86_64-fedora-clang | 1.7-0 | 40.00 | 15.64 | 55.64 | OK | |
| r-devel-linux-x86_64-fedora-gcc | 1.7-0 | 23.00 | 30.63 | 53.63 | OK | |
| r-devel-windows-x86_64 | 1.7-0 | 37.00 | 91.00 | 128.00 | OK | |
| r-patched-linux-x86_64 | 1.6-5 | 7.38 | 23.94 | 31.32 | OK | |
| r-release-linux-x86_64 | 1.7-0 | 7.42 | 23.79 | 31.21 | OK | |
| r-release-macos-arm64 | 1.7-0 | 21.00 | 41.00 | 62.00 | OK | |
| r-release-macos-x86_64 | 1.7-0 | 77.00 | 75.00 | 152.00 | OK | |
| r-release-windows-x86_64 | 1.7-0 | 30.00 | 84.00 | 114.00 | OK | |
| r-oldrel-macos-arm64 | 1.7-0 | 22.00 | 41.00 | 63.00 | NOTE | |
| r-oldrel-macos-x86_64 | 1.7-0 | 99.00 | 67.00 | 166.00 | NOTE | |
| r-oldrel-windows-x86_64 | 1.7-0 | 42.00 | 109.00 | 151.00 | NOTE |
Version: 1.7-0
Check: installed package size
Result: NOTE
installed size is 65.1Mb
sub-directories of 1Mb or more:
libs 65.0Mb
Flavors: r-oldrel-macos-arm64, r-oldrel-macos-x86_64, r-oldrel-windows-x86_64