Last updated on 2025-04-30 04:50:01 CEST.
Flavor | Version | Tinstall | Tcheck | Ttotal | Status | Flags |
---|---|---|---|---|---|---|
r-devel-linux-x86_64-debian-clang | 0.1.2 | 12.31 | 97.46 | 109.77 | NOTE | |
r-devel-linux-x86_64-debian-gcc | 0.1.2 | 9.44 | 64.48 | 73.92 | NOTE | |
r-devel-linux-x86_64-fedora-clang | 0.1.2 | 157.92 | OK | |||
r-devel-linux-x86_64-fedora-gcc | 0.1.2 | 151.11 | OK | |||
r-devel-windows-x86_64 | 0.1.2 | 15.00 | 106.00 | 121.00 | OK | |
r-patched-linux-x86_64 | 0.1.2 | 12.42 | 87.98 | 100.40 | OK | |
r-release-linux-x86_64 | 0.1.2 | 13.58 | 90.03 | 103.61 | OK | |
r-release-macos-arm64 | 0.1.2 | 50.00 | OK | |||
r-release-macos-x86_64 | 0.1.2 | 87.00 | OK | |||
r-release-windows-x86_64 | 0.1.2 | 15.00 | 104.00 | 119.00 | OK | |
r-oldrel-macos-arm64 | 0.1.2 | 48.00 | OK | |||
r-oldrel-macos-x86_64 | 0.1.2 | 77.00 | OK | |||
r-oldrel-windows-x86_64 | 0.1.2 | 18.00 | 128.00 | 146.00 | OK |
Version: 0.1.2
Check: CRAN incoming feasibility
Result: NOTE
Maintainer: ‘Dominik Heider <heiderd@mathematik.uni-marburg.de>’
No Authors@R field in DESCRIPTION.
Please add one, modifying
Authors@R: c(person(given = "Johanna",
family = "Schwarz",
role = "aut"),
person(given = "Dominik",
family = "Heider",
role = c("aut", "cre"),
email = "heiderd@mathematik.uni-marburg.de"))
as necessary.
Flavors: r-devel-linux-x86_64-debian-clang, r-devel-linux-x86_64-debian-gcc
Version: 0.1.2
Check: examples
Result: NOTE
Examples with CPU (user + system) or elapsed time > 5s
user system elapsed
calibrate 0.270 0.015 5.293
predict_calibratR 0.014 0.004 5.072
Flavor: r-devel-linux-x86_64-debian-clang