Last updated on 2025-04-30 04:50:01 CEST.
Flavor | Version | Tinstall | Tcheck | Ttotal | Status | Flags |
---|---|---|---|---|---|---|
r-devel-linux-x86_64-debian-clang | 1.3.0 | 8.28 | 92.18 | 100.46 | NOTE | |
r-devel-linux-x86_64-debian-gcc | 1.3.0 | 6.94 | 63.77 | 70.71 | NOTE | |
r-devel-linux-x86_64-fedora-clang | 1.3.0 | 156.55 | OK | |||
r-devel-linux-x86_64-fedora-gcc | 1.3.0 | 154.08 | OK | |||
r-devel-windows-x86_64 | 1.3.0 | 10.00 | 99.00 | 109.00 | OK | |
r-patched-linux-x86_64 | 1.3.0 | 9.23 | 86.38 | 95.61 | OK | |
r-release-linux-x86_64 | 1.3.0 | 8.55 | 87.49 | 96.04 | OK | |
r-release-macos-arm64 | 1.3.0 | 51.00 | OK | |||
r-release-macos-x86_64 | 1.3.0 | 125.00 | OK | |||
r-release-windows-x86_64 | 1.3.0 | 10.00 | 99.00 | 109.00 | OK | |
r-oldrel-macos-arm64 | 1.3.0 | 47.00 | NOTE | |||
r-oldrel-macos-x86_64 | 1.3.0 | 73.00 | NOTE | |||
r-oldrel-windows-x86_64 | 1.3.0 | 11.00 | 124.00 | 135.00 | NOTE |
Version: 1.3.0
Check: CRAN incoming feasibility
Result: NOTE
Maintainer: ‘Oyvind Langsrud <oyl@ssb.no>’
No Authors@R field in DESCRIPTION.
Please add one, modifying
Authors@R: c(person(given = "Øyvind",
family = "Langsrud",
role = "aut"),
person(given = "Oyvind",
family = "Langsrud",
role = "cre",
email = "oyl@ssb.no"))
as necessary.
Flavors: r-devel-linux-x86_64-debian-clang, r-devel-linux-x86_64-debian-gcc
Version: 1.3.0
Check: package dependencies
Result: NOTE
Package suggested but not available for checking: ‘ReGenesees’
Flavors: r-oldrel-macos-arm64, r-oldrel-macos-x86_64, r-oldrel-windows-x86_64