Last updated on 2025-02-21 03:52:08 CET.
Flavor | Version | Tinstall | Tcheck | Ttotal | Status | Flags |
---|---|---|---|---|---|---|
r-devel-linux-x86_64-debian-clang | 2.0.3 | 67.46 | 73.11 | 140.57 | OK | |
r-devel-linux-x86_64-debian-gcc | 2.0.3 | 57.88 | 45.70 | 103.58 | OK | |
r-devel-linux-x86_64-fedora-clang | 2.0.3 | 249.31 | OK | |||
r-devel-linux-x86_64-fedora-gcc | 2.0.3 | 254.64 | OK | |||
r-devel-macos-arm64 | 2.0.3 | 57.00 | OK | |||
r-devel-macos-x86_64 | 2.0.3 | 83.00 | OK | |||
r-devel-windows-x86_64 | 2.0.3 | 78.00 | 98.00 | 176.00 | OK | |
r-patched-linux-x86_64 | 2.0.3 | 78.60 | 63.12 | 141.72 | NOTE | |
r-release-linux-x86_64 | 2.0.3 | 80.89 | 63.40 | 144.29 | NOTE | |
r-release-macos-arm64 | 2.0.3 | 64.00 | NOTE | |||
r-release-macos-x86_64 | 2.0.3 | 72.00 | NOTE | |||
r-release-windows-x86_64 | 2.0.3 | 82.00 | 95.00 | 177.00 | NOTE | |
r-oldrel-macos-arm64 | 2.0.3 | 77.00 | NOTE | |||
r-oldrel-macos-x86_64 | 2.0.3 | 107.00 | NOTE | |||
r-oldrel-windows-x86_64 | 2.0.3 | 95.00 | 123.00 | 218.00 | NOTE |
Version: 2.0.3
Check: LazyData
Result: NOTE
'LazyData' is specified without a 'data' directory
Flavors: r-patched-linux-x86_64, r-release-linux-x86_64, r-release-macos-arm64, r-release-macos-x86_64, r-release-windows-x86_64, r-oldrel-macos-arm64, r-oldrel-macos-x86_64, r-oldrel-windows-x86_64
Version: 2.0.3
Check: installed package size
Result: NOTE
installed size is 9.9Mb
sub-directories of 1Mb or more:
libs 9.6Mb
Flavors: r-release-macos-arm64, r-release-macos-x86_64, r-oldrel-macos-arm64, r-oldrel-macos-x86_64