Last updated on 2025-04-30 04:50:01 CEST.
Flavor | Version | Tinstall | Tcheck | Ttotal | Status | Flags |
---|---|---|---|---|---|---|
r-devel-linux-x86_64-debian-clang | 2.0.3 | 70.69 | 79.65 | 150.34 | OK | |
r-devel-linux-x86_64-debian-gcc | 2.0.3 | 57.58 | 51.21 | 108.79 | OK | |
r-devel-linux-x86_64-fedora-clang | 2.0.3 | 237.50 | OK | |||
r-devel-linux-x86_64-fedora-gcc | 2.0.3 | 256.95 | OK | |||
r-devel-windows-x86_64 | 2.0.3 | 82.00 | 101.00 | 183.00 | OK | |
r-patched-linux-x86_64 | 2.0.3 | 78.64 | 70.01 | 148.65 | OK | |
r-release-linux-x86_64 | 2.0.3 | 79.91 | 70.12 | 150.03 | OK | |
r-release-macos-arm64 | 2.0.3 | 64.00 | OK | |||
r-release-macos-x86_64 | 2.0.3 | 80.00 | OK | |||
r-release-windows-x86_64 | 2.0.3 | 89.00 | 96.00 | 185.00 | OK | |
r-oldrel-macos-arm64 | 2.0.3 | 64.00 | NOTE | |||
r-oldrel-macos-x86_64 | 2.0.3 | 72.00 | NOTE | |||
r-oldrel-windows-x86_64 | 2.0.3 | 92.00 | 124.00 | 216.00 | NOTE |
Version: 2.0.3
Check: installed package size
Result: NOTE
installed size is 9.9Mb
sub-directories of 1Mb or more:
libs 9.6Mb
Flavors: r-oldrel-macos-arm64, r-oldrel-macos-x86_64
Version: 2.0.3
Check: LazyData
Result: NOTE
'LazyData' is specified without a 'data' directory
Flavors: r-oldrel-macos-arm64, r-oldrel-macos-x86_64, r-oldrel-windows-x86_64