Last updated on 2025-04-30 04:50:01 CEST.
Flavor | Version | Tinstall | Tcheck | Ttotal | Status | Flags |
---|---|---|---|---|---|---|
r-devel-linux-x86_64-debian-clang | 0.2.5 | 19.15 | 238.81 | 257.96 | NOTE | |
r-devel-linux-x86_64-debian-gcc | 0.2.5 | 12.96 | 170.74 | 183.70 | NOTE | |
r-devel-linux-x86_64-fedora-clang | 0.2.5 | 418.98 | OK | |||
r-devel-linux-x86_64-fedora-gcc | 0.2.5 | 433.65 | OK | |||
r-devel-windows-x86_64 | 0.2.5 | 18.00 | 225.00 | 243.00 | OK | |
r-patched-linux-x86_64 | 0.2.5 | 17.05 | 235.64 | 252.69 | OK | |
r-release-linux-x86_64 | 0.2.5 | 17.21 | 233.61 | 250.82 | OK | |
r-release-macos-arm64 | 0.2.5 | 140.00 | OK | |||
r-release-macos-x86_64 | 0.2.5 | 300.00 | OK | |||
r-release-windows-x86_64 | 0.2.5 | 20.00 | 225.00 | 245.00 | OK | |
r-oldrel-macos-arm64 | 0.2.5 | 133.00 | NOTE | |||
r-oldrel-macos-x86_64 | 0.2.5 | 193.00 | OK | |||
r-oldrel-windows-x86_64 | 0.2.5 | 22.00 | 320.00 | 342.00 | OK |
Version: 0.2.5
Check: examples
Result: NOTE
Examples with CPU (user + system) or elapsed time > 5s
user system elapsed
CorrectBatch 5.480 0.098 8.114
CorrectBatches 4.606 0.085 5.992
Flavor: r-devel-linux-x86_64-debian-clang
Version: 0.2.5
Check: examples
Result: NOTE
Examples with CPU (user + system) or elapsed time > 5s
user system elapsed
CorrectBatch 5.253 0.109 6.100
CorrectBatches 4.545 0.041 5.584
Flavor: r-devel-linux-x86_64-debian-gcc
Version: 0.2.5
Check: package dependencies
Result: NOTE
Package suggested but not available for checking: ‘batchelor’
Flavor: r-oldrel-macos-arm64