Last updated on 2025-02-21 03:52:08 CET.
Flavor | Version | Tinstall | Tcheck | Ttotal | Status | Flags |
---|---|---|---|---|---|---|
r-devel-linux-x86_64-debian-clang | 0.2.5 | 18.21 | 234.12 | 252.33 | OK | |
r-devel-linux-x86_64-debian-gcc | 0.2.5 | 11.80 | 163.37 | 175.17 | OK | |
r-devel-linux-x86_64-fedora-clang | 0.2.5 | 432.91 | OK | |||
r-devel-linux-x86_64-fedora-gcc | 0.2.5 | 440.72 | OK | |||
r-devel-macos-arm64 | 0.2.5 | 127.00 | OK | |||
r-devel-macos-x86_64 | 0.2.5 | 333.00 | OK | |||
r-devel-windows-x86_64 | 0.2.5 | 16.00 | 223.00 | 239.00 | OK | |
r-patched-linux-x86_64 | 0.2.5 | 16.35 | 222.30 | 238.65 | OK | |
r-release-linux-x86_64 | 0.2.5 | 16.05 | 230.70 | 246.75 | OK | |
r-release-macos-arm64 | 0.2.5 | 133.00 | NOTE | |||
r-release-macos-x86_64 | 0.2.5 | 193.00 | OK | |||
r-release-windows-x86_64 | 0.2.5 | 17.00 | 225.00 | 242.00 | OK | |
r-oldrel-macos-arm64 | 0.2.5 | 147.00 | NOTE | |||
r-oldrel-macos-x86_64 | 0.2.5 | 352.00 | NOTE | |||
r-oldrel-windows-x86_64 | 0.2.5 | 23.00 | 341.00 | 364.00 | OK |
Version: 0.2.5
Check: package dependencies
Result: NOTE
Package suggested but not available for checking: ‘batchelor’
Flavors: r-release-macos-arm64, r-oldrel-macos-arm64, r-oldrel-macos-x86_64