Last updated on 2025-04-30 04:50:01 CEST.
Flavor | Version | Tinstall | Tcheck | Ttotal | Status | Flags |
---|---|---|---|---|---|---|
r-devel-linux-x86_64-debian-clang | 3.0.0 | 10.58 | 26.26 | 36.84 | NOTE | |
r-devel-linux-x86_64-debian-gcc | 3.0.0 | 8.42 | 20.19 | 28.61 | NOTE | |
r-devel-linux-x86_64-fedora-clang | 3.0.0 | 62.17 | OK | |||
r-devel-linux-x86_64-fedora-gcc | 3.0.0 | 59.21 | OK | |||
r-devel-windows-x86_64 | 3.0.0 | 13.00 | 68.00 | 81.00 | OK | |
r-patched-linux-x86_64 | 3.0.0 | 10.64 | 24.58 | 35.22 | OK | |
r-release-linux-x86_64 | 3.0.0 | 11.40 | 24.43 | 35.83 | OK | |
r-release-macos-arm64 | 3.0.0 | 25.00 | OK | |||
r-release-macos-x86_64 | 3.0.0 | 34.00 | OK | |||
r-release-windows-x86_64 | 3.0.0 | 16.00 | 66.00 | 82.00 | OK | |
r-oldrel-macos-arm64 | 3.0.0 | 27.00 | OK | |||
r-oldrel-macos-x86_64 | 3.0.0 | 32.00 | OK | |||
r-oldrel-windows-x86_64 | 3.0.0 | 16.00 | 71.00 | 87.00 | OK |
Version: 3.0.0
Check: CRAN incoming feasibility
Result: NOTE
Maintainer: ‘Stéphane Laurent <laurent_step@outlook.fr>’
No Authors@R field in DESCRIPTION.
Please add one, modifying
Authors@R: person(given = "Stéphane",
family = "Laurent",
role = c("aut", "cre"),
email = "laurent_step@outlook.fr")
as necessary.
Flavors: r-devel-linux-x86_64-debian-clang, r-devel-linux-x86_64-debian-gcc