Last updated on 2025-04-30 04:50:01 CEST.
Flavor | Version | Tinstall | Tcheck | Ttotal | Status | Flags |
---|---|---|---|---|---|---|
r-devel-linux-x86_64-debian-clang | 1.1-1 | 117.52 | 257.52 | 375.04 | NOTE | |
r-devel-linux-x86_64-debian-gcc | 1.1-1 | 71.90 | 157.63 | 229.53 | NOTE | |
r-devel-linux-x86_64-fedora-clang | 1.1-1 | 613.58 | OK | |||
r-devel-linux-x86_64-fedora-gcc | 1.1-1 | 590.53 | OK | |||
r-devel-windows-x86_64 | 1.1-1 | 84.00 | 197.00 | 281.00 | OK | |
r-patched-linux-x86_64 | 1.1-1 | 102.51 | 242.06 | 344.57 | OK | |
r-release-linux-x86_64 | 1.1-1 | 104.47 | 242.12 | 346.59 | OK | |
r-release-macos-arm64 | 1.1-1 | 112.00 | OK | |||
r-release-macos-x86_64 | 1.1-1 | 289.00 | OK | |||
r-release-windows-x86_64 | 1.1-1 | 83.00 | 185.00 | 268.00 | OK | |
r-oldrel-macos-arm64 | 1.1-1 | 108.00 | OK | |||
r-oldrel-macos-x86_64 | 1.1-1 | 206.00 | OK | |||
r-oldrel-windows-x86_64 | 1.1-1 | 112.00 | 260.00 | 372.00 | OK |
Version: 1.1-1
Check: CRAN incoming feasibility
Result: NOTE
Maintainer: ‘Ruben H. Roa-Ureta <ruben.roa.ureta@mail.com>’
No Authors@R field in DESCRIPTION.
Please add one, modifying
Authors@R: person(given = c("Ruben", "H."),
family = "Roa-Ureta",
role = c("aut", "cre"),
email = "ruben.roa.ureta@mail.com")
as necessary.
Package CITATION file contains call(s) to old-style personList() or
as.personList(). Please use c() on person objects instead.
Package CITATION file contains call(s) to old-style citEntry(). Please
use bibentry() instead.
Flavors: r-devel-linux-x86_64-debian-clang, r-devel-linux-x86_64-debian-gcc