Last updated on 2025-04-30 04:50:01 CEST.
Flavor | Version | Tinstall | Tcheck | Ttotal | Status | Flags |
---|---|---|---|---|---|---|
r-devel-linux-x86_64-debian-clang | 2.0.3 | 17.03 | 41.87 | 58.90 | NOTE | |
r-devel-linux-x86_64-debian-gcc | 2.0.3 | 11.06 | 29.82 | 40.88 | NOTE | |
r-devel-linux-x86_64-fedora-clang | 2.0.3 | 94.54 | NOTE | |||
r-devel-linux-x86_64-fedora-gcc | 2.0.3 | 94.51 | NOTE | |||
r-devel-windows-x86_64 | 2.0.3 | 18.00 | 79.00 | 97.00 | NOTE | |
r-patched-linux-x86_64 | 2.0.3 | 15.28 | 39.74 | 55.02 | NOTE | |
r-release-linux-x86_64 | 2.0.3 | 15.54 | 40.41 | 55.95 | NOTE | |
r-release-macos-arm64 | 2.0.3 | 33.00 | NOTE | |||
r-release-macos-x86_64 | 2.0.3 | 74.00 | NOTE | |||
r-release-windows-x86_64 | 2.0.3 | 18.00 | 79.00 | 97.00 | NOTE | |
r-oldrel-macos-arm64 | 2.0.3 | 28.00 | NOTE | |||
r-oldrel-macos-x86_64 | 2.0.3 | 41.00 | NOTE | |||
r-oldrel-windows-x86_64 | 2.0.3 | 21.00 | 87.00 | 108.00 | NOTE |
Version: 2.0.3
Check: C++ specification
Result: NOTE
Specified C++14: please drop specification unless essential
Flavors: r-devel-linux-x86_64-debian-clang, r-devel-linux-x86_64-debian-gcc, r-devel-linux-x86_64-fedora-clang, r-devel-linux-x86_64-fedora-gcc, r-devel-windows-x86_64, r-patched-linux-x86_64, r-release-linux-x86_64, r-release-macos-arm64, r-release-macos-x86_64, r-release-windows-x86_64, r-oldrel-macos-arm64, r-oldrel-macos-x86_64, r-oldrel-windows-x86_64
Version: 2.0.3
Check: examples
Result: NOTE
Examples with CPU (user + system) or elapsed time > 5s
user system elapsed
CorrelatedDesignMatrix 4.396 0.004 5.709
UniformDesignMatrix 4.282 0.012 5.320
Flavor: r-devel-linux-x86_64-debian-clang