Last updated on 2025-04-30 04:50:01 CEST.
Flavor | Version | Tinstall | Tcheck | Ttotal | Status | Flags |
---|---|---|---|---|---|---|
r-devel-linux-x86_64-debian-clang | 1.3.3 | 168.88 | 185.01 | 353.89 | NOTE | |
r-devel-linux-x86_64-debian-gcc | 1.3.3 | 158.07 | 140.60 | 298.67 | OK | |
r-devel-linux-x86_64-fedora-clang | 1.3.3 | 556.72 | OK | |||
r-devel-linux-x86_64-fedora-gcc | 1.3.3 | 683.61 | OK | |||
r-devel-windows-x86_64 | 1.3.3 | 178.00 | 216.00 | 394.00 | OK | |
r-patched-linux-x86_64 | 1.3.3 | 191.86 | 193.54 | 385.40 | OK | |
r-release-linux-x86_64 | 1.3.3 | 190.63 | 192.23 | 382.86 | OK | |
r-release-macos-arm64 | 1.3.3 | 155.00 | OK | |||
r-release-macos-x86_64 | 1.3.3 | 218.00 | OK | |||
r-release-windows-x86_64 | 1.3.3 | 189.00 | 212.00 | 401.00 | OK | |
r-oldrel-macos-arm64 | 1.3.3 | 137.00 | NOTE | |||
r-oldrel-macos-x86_64 | 1.3.3 | 259.00 | NOTE | |||
r-oldrel-windows-x86_64 | 1.3.3 | 210.00 | 283.00 | 493.00 | NOTE |
Version: 1.3.3
Check: examples
Result: NOTE
Examples with CPU (user + system) or elapsed time > 5s
user system elapsed
update_model 4.272 0.036 5.26
Flavor: r-devel-linux-x86_64-debian-clang
Version: 1.3.3
Check: installed package size
Result: NOTE
installed size is 54.4Mb
sub-directories of 1Mb or more:
libs 53.3Mb
Flavors: r-oldrel-macos-arm64, r-oldrel-macos-x86_64
Version: 1.3.3
Check: for GNU extensions in Makefiles
Result: NOTE
GNU make is a SystemRequirements.
Flavors: r-oldrel-macos-arm64, r-oldrel-macos-x86_64, r-oldrel-windows-x86_64