Last updated on 2025-04-30 04:50:01 CEST.
Flavor | Version | Tinstall | Tcheck | Ttotal | Status | Flags |
---|---|---|---|---|---|---|
r-devel-linux-x86_64-debian-clang | 2.1.3 | 9.17 | 72.07 | 81.24 | NOTE | |
r-devel-linux-x86_64-debian-gcc | 2.1.3 | 5.88 | 51.49 | 57.37 | NOTE | |
r-devel-linux-x86_64-fedora-clang | 2.1.3 | 125.98 | OK | |||
r-devel-linux-x86_64-fedora-gcc | 2.1.3 | 125.03 | OK | |||
r-devel-windows-x86_64 | 2.1.3 | 10.00 | 82.00 | 92.00 | OK | |
r-patched-linux-x86_64 | 2.1.3 | 8.69 | 69.00 | 77.69 | OK | |
r-release-linux-x86_64 | 2.1.3 | 8.39 | 68.71 | 77.10 | OK | |
r-release-macos-arm64 | 2.1.3 | 41.00 | OK | |||
r-release-macos-x86_64 | 2.1.3 | 70.00 | OK | |||
r-release-windows-x86_64 | 2.1.3 | 10.00 | 80.00 | 90.00 | OK | |
r-oldrel-macos-arm64 | 2.1.3 | 36.00 | OK | |||
r-oldrel-macos-x86_64 | 2.1.3 | 55.00 | OK | |||
r-oldrel-windows-x86_64 | 2.1.3 | 12.00 | 99.00 | 111.00 | OK |
Version: 2.1.3
Check: CRAN incoming feasibility
Result: NOTE
Maintainer: ‘Mengying Zhang <zhangmengying@hrbmu.edu.cn>’
No Authors@R field in DESCRIPTION.
Please add one, modifying
Authors@R: c(person(given = c("Mengying", "Zhang,Yongsheng", "Li,Juan", "Xu*,Xia"),
family = "Li*",
role = "aut"),
person(given = "Mengying",
family = "Zhang",
role = "cre",
email = "zhangmengying@hrbmu.edu.cn"))
as necessary.
Flavors: r-devel-linux-x86_64-debian-clang, r-devel-linux-x86_64-debian-gcc
Version: 2.1.3
Check: examples
Result: NOTE
Examples with CPU (user + system) or elapsed time > 5s
user system elapsed
ceRNA.cmi 4.274 0.224 5.307
Flavor: r-devel-linux-x86_64-debian-clang