Last updated on 2025-04-30 04:50:01 CEST.
Flavor | Version | Tinstall | Tcheck | Ttotal | Status | Flags |
---|---|---|---|---|---|---|
r-devel-linux-x86_64-debian-clang | 0.1.1 | 7.06 | 65.50 | 72.56 | NOTE | |
r-devel-linux-x86_64-debian-gcc | 0.1.1 | 5.82 | 52.27 | 58.09 | NOTE | |
r-devel-linux-x86_64-fedora-clang | 0.1.1 | 115.14 | OK | |||
r-devel-linux-x86_64-fedora-gcc | 0.1.1 | 111.93 | OK | |||
r-devel-windows-x86_64 | 0.1.1 | 9.00 | 78.00 | 87.00 | OK | |
r-patched-linux-x86_64 | 0.1.1 | 6.64 | 64.42 | 71.06 | OK | |
r-release-linux-x86_64 | 0.1.1 | 6.79 | 64.75 | 71.54 | OK | |
r-release-macos-arm64 | 0.1.1 | 40.00 | OK | |||
r-release-macos-x86_64 | 0.1.1 | 106.00 | OK | |||
r-release-windows-x86_64 | 0.1.1 | 9.00 | 74.00 | 83.00 | OK | |
r-oldrel-macos-arm64 | 0.1.1 | 35.00 | OK | |||
r-oldrel-macos-x86_64 | 0.1.1 | 51.00 | OK | |||
r-oldrel-windows-x86_64 | 0.1.1 | 10.00 | 92.00 | 102.00 | OK |
Version: 0.1.1
Check: examples
Result: NOTE
Examples with CPU (user + system) or elapsed time > 5s
user system elapsed
CenBAR 7.644 0.001 10.285
Flavor: r-devel-linux-x86_64-debian-clang
Version: 0.1.1
Check: examples
Result: NOTE
Examples with CPU (user + system) or elapsed time > 5s
user system elapsed
CenBAR 8.569 0.009 10.158
Flavor: r-devel-linux-x86_64-debian-gcc