Last updated on 2025-04-30 04:50:01 CEST.
Flavor | Version | Tinstall | Tcheck | Ttotal | Status | Flags |
---|---|---|---|---|---|---|
r-devel-linux-x86_64-debian-clang | 3.0.1 | 19.24 | 95.13 | 114.37 | NOTE | |
r-devel-linux-x86_64-debian-gcc | 3.0.1 | 13.86 | 60.71 | 74.57 | NOTE | |
r-devel-linux-x86_64-fedora-clang | 3.0.1 | 183.59 | NOTE | |||
r-devel-linux-x86_64-fedora-gcc | 3.0.1 | 175.69 | NOTE | |||
r-devel-windows-x86_64 | 3.0.1 | 23.00 | 117.00 | 140.00 | NOTE | |
r-patched-linux-x86_64 | 3.0.1 | 25.22 | 89.00 | 114.22 | NOTE | |
r-release-linux-x86_64 | 3.0.1 | 22.88 | 88.25 | 111.13 | NOTE | |
r-release-macos-arm64 | 3.0.1 | 48.00 | NOTE | |||
r-release-macos-x86_64 | 3.0.1 | 86.00 | NOTE | |||
r-release-windows-x86_64 | 3.0.1 | 25.00 | 125.00 | 150.00 | NOTE | |
r-oldrel-macos-arm64 | 3.0.1 | 48.00 | OK | |||
r-oldrel-macos-x86_64 | 3.0.1 | 84.00 | OK | |||
r-oldrel-windows-x86_64 | 3.0.1 | 29.00 | 142.00 | 171.00 | OK |
Version: 3.0.1
Check: DESCRIPTION meta-information
Result: NOTE
Missing dependency on R >= 4.1.0 because package code uses the pipe
|> or function shorthand \(...) syntax added in R 4.1.0.
File(s) using such syntax:
‘extraDoseLines.Rd’ ‘extraDoseNames.Rd’ ‘fixedEffect.Rd’
‘randomEffect.Rd’
Flavors: r-devel-linux-x86_64-debian-clang, r-devel-linux-x86_64-debian-gcc, r-devel-linux-x86_64-fedora-clang, r-devel-linux-x86_64-fedora-gcc, r-devel-windows-x86_64, r-patched-linux-x86_64, r-release-linux-x86_64, r-release-macos-arm64, r-release-macos-x86_64, r-release-windows-x86_64