Last updated on 2025-04-30 04:50:01 CEST.
Flavor | Version | Tinstall | Tcheck | Ttotal | Status | Flags |
---|---|---|---|---|---|---|
r-devel-linux-x86_64-debian-clang | 0.3 | 22.11 | 53.22 | 75.33 | NOTE | |
r-devel-linux-x86_64-debian-gcc | 0.3 | 15.22 | 37.64 | 52.86 | OK | |
r-devel-linux-x86_64-fedora-clang | 0.3 | 130.39 | OK | |||
r-devel-linux-x86_64-fedora-gcc | 0.3 | 138.91 | OK | |||
r-devel-windows-x86_64 | 0.3 | 27.00 | 118.00 | 145.00 | OK | |
r-patched-linux-x86_64 | 0.3 | 21.50 | 48.53 | 70.03 | OK | |
r-release-linux-x86_64 | 0.3 | 21.04 | 47.63 | 68.67 | OK | |
r-release-macos-arm64 | 0.3 | 60.00 | OK | |||
r-release-macos-x86_64 | 0.3 | 148.00 | OK | |||
r-release-windows-x86_64 | 0.3 | 29.00 | 120.00 | 149.00 | OK | |
r-oldrel-macos-arm64 | 0.3 | 69.00 | OK | |||
r-oldrel-macos-x86_64 | 0.3 | 143.00 | OK | |||
r-oldrel-windows-x86_64 | 0.3 | 34.00 | 155.00 | 189.00 | OK |
Version: 0.3
Check: examples
Result: NOTE
Examples with CPU (user + system) or elapsed time > 5s
user system elapsed
change_point_analyzer 6.915 0.189 9.392
Flavor: r-devel-linux-x86_64-debian-clang