CRAN Package Check Results for Package ChaosGame

Last updated on 2025-04-30 04:50:01 CEST.

Flavor Version Tinstall Tcheck Ttotal Status Flags
r-devel-linux-x86_64-debian-clang 1.4 12.56 56.16 68.72 NOTE
r-devel-linux-x86_64-debian-gcc 1.4 9.21 41.77 50.98 NOTE
r-devel-linux-x86_64-fedora-clang 1.4 105.44 OK
r-devel-linux-x86_64-fedora-gcc 1.4 103.48 OK
r-devel-windows-x86_64 1.4 11.00 69.00 80.00 OK
r-patched-linux-x86_64 1.4 12.17 54.61 66.78 OK
r-release-linux-x86_64 1.4 11.89 54.82 66.71 OK
r-release-macos-arm64 1.4 61.00 OK
r-release-macos-x86_64 1.4 63.00 OK
r-release-windows-x86_64 1.4 13.00 66.00 79.00 OK
r-oldrel-macos-arm64 1.4 35.00 OK
r-oldrel-macos-x86_64 1.4 50.00 OK
r-oldrel-windows-x86_64 1.4 14.00 77.00 91.00 OK

Check Details

Version: 1.4
Check: CRAN incoming feasibility
Result: NOTE Maintainer: ‘Marco Tschimpke <marco.tschimpke@plus.ac.at>’ No Authors@R field in DESCRIPTION. Please add one, modifying Authors@R: c(person(given = "Thimo", family = "Kasper", role = "aut", email = "thimo.kasper@plus.ac.at"), person(given = "Florian", family = "Griessenberger", role = "aut", email = "florian.griessenberger@plus.ac.at"), person(given = "Manuela", family = "Schreyer", role = "aut", email = "manuelalarissa.schreyer@sbg.ac.at"), person(given = "Johannes", family = "Bartel", role = "aut"), person(given = "Wolfgang", family = "Trutschnig", role = "aut", email = "Wolfgang.Trutschnig@sbg.ac.at"), person(given = "Marco", family = "Tschimpke", role = "cre", email = "marco.tschimpke@plus.ac.at")) as necessary. Flavors: r-devel-linux-x86_64-debian-clang, r-devel-linux-x86_64-debian-gcc