Last updated on 2025-02-21 03:52:09 CET.
Flavor | Version | Tinstall | Tcheck | Ttotal | Status | Flags |
---|---|---|---|---|---|---|
r-devel-linux-x86_64-debian-clang | 1.0.0 | 22.75 | 90.30 | 113.05 | OK | |
r-devel-linux-x86_64-debian-gcc | 1.0.0 | 16.28 | 66.17 | 82.45 | OK | |
r-devel-linux-x86_64-fedora-clang | 1.0.0 | 191.87 | OK | |||
r-devel-linux-x86_64-fedora-gcc | 1.0.0 | 192.34 | OK | |||
r-devel-macos-arm64 | 1.0.0 | 54.00 | OK | |||
r-devel-macos-x86_64 | 1.0.0 | 122.00 | OK | |||
r-devel-windows-x86_64 | 1.0.0 | 28.00 | 119.00 | 147.00 | OK | |
r-patched-linux-x86_64 | 1.0.0 | 21.12 | 84.63 | 105.75 | OK | |
r-release-linux-x86_64 | 1.0.0 | 23.28 | 85.53 | 108.81 | OK | |
r-release-macos-arm64 | 1.0.0 | 65.00 | NOTE | |||
r-release-macos-x86_64 | 1.0.0 | 106.00 | NOTE | |||
r-release-windows-x86_64 | 1.0.0 | 28.00 | 115.00 | 143.00 | NOTE | |
r-oldrel-macos-arm64 | 1.0.0 | 55.00 | NOTE | |||
r-oldrel-macos-x86_64 | 1.0.0 | 124.00 | NOTE | |||
r-oldrel-windows-x86_64 | 1.0.0 | 35.00 | 137.00 | 172.00 | NOTE |
Version: 1.0.0
Check: installed package size
Result: NOTE
installed size is 6.5Mb
sub-directories of 1Mb or more:
extdata 5.3Mb
Flavors: r-release-macos-arm64, r-release-macos-x86_64, r-release-windows-x86_64, r-oldrel-macos-arm64, r-oldrel-macos-x86_64, r-oldrel-windows-x86_64