CRAN Package Check Results for Package ClinicalTrialSummary

Last updated on 2025-04-30 04:50:01 CEST.

Flavor Version Tinstall Tcheck Ttotal Status Flags
r-devel-linux-x86_64-debian-clang 1.1.1 12.26 30.68 42.94 NOTE
r-devel-linux-x86_64-debian-gcc 1.1.1 8.49 23.71 32.20 NOTE
r-devel-linux-x86_64-fedora-clang 1.1.1 71.70 OK
r-devel-linux-x86_64-fedora-gcc 1.1.1 72.01 OK
r-devel-windows-x86_64 1.1.1 14.00 68.00 82.00 OK
r-patched-linux-x86_64 1.1.1 12.41 29.17 41.58 OK
r-release-linux-x86_64 1.1.1 12.09 29.30 41.39 OK
r-release-macos-arm64 1.1.1 29.00 OK
r-release-macos-x86_64 1.1.1 37.00 OK
r-release-windows-x86_64 1.1.1 13.00 68.00 81.00 OK
r-oldrel-macos-arm64 1.1.1 25.00 OK
r-oldrel-macos-x86_64 1.1.1 34.00 OK
r-oldrel-windows-x86_64 1.1.1 13.00 74.00 87.00 OK

Check Details

Version: 1.1.1
Check: CRAN incoming feasibility
Result: NOTE Maintainer: ‘Daewoo Pak <heavyrain.pak@gmail.com>’ No Authors@R field in DESCRIPTION. Please add one, modifying Authors@R: c(person(given = "Daewoo", family = "Pak", role = c("aut", "cre"), email = "heavyrain.pak@gmail.com"), person(given = "Song", family = "Yang", role = "aut")) as necessary. Found the following \keyword or \concept entries which likely give several index terms: File ‘ClinicalTrialSummary-package.Rd’: \keyword{Survival analysis, Clinical trials, Hazar [TRUNCATED] Flavors: r-devel-linux-x86_64-debian-clang, r-devel-linux-x86_64-debian-gcc