Last updated on 2025-04-30 04:50:02 CEST.
Flavor | Version | Tinstall | Tcheck | Ttotal | Status | Flags |
---|---|---|---|---|---|---|
r-devel-linux-x86_64-debian-clang | 1.4.2 | 2.55 | 38.37 | 40.92 | NOTE | |
r-devel-linux-x86_64-debian-gcc | 1.4.2 | 1.86 | 27.90 | 29.76 | NOTE | |
r-devel-linux-x86_64-fedora-clang | 1.4.2 | 60.96 | OK | |||
r-devel-linux-x86_64-fedora-gcc | 1.4.2 | 62.69 | OK | |||
r-devel-windows-x86_64 | 1.4.2 | 3.00 | 62.00 | 65.00 | OK | |
r-patched-linux-x86_64 | 1.4.2 | 2.56 | 36.09 | 38.65 | OK | |
r-release-linux-x86_64 | 1.4.2 | 1.62 | 35.71 | 37.33 | OK | |
r-release-macos-arm64 | 1.4.2 | 24.00 | OK | |||
r-release-macos-x86_64 | 1.4.2 | 38.00 | OK | |||
r-release-windows-x86_64 | 1.4.2 | 3.00 | 60.00 | 63.00 | OK | |
r-oldrel-macos-arm64 | 1.4.2 | 20.00 | OK | |||
r-oldrel-macos-x86_64 | 1.4.2 | 28.00 | OK | |||
r-oldrel-windows-x86_64 | 1.4.2 | 4.00 | 62.00 | 66.00 | OK |
Version: 1.4.2
Check: CRAN incoming feasibility
Result: NOTE
Maintainer: ‘Pengyi Yang <yangpy7@gmail.com>’
No Authors@R field in DESCRIPTION.
Please add one, modifying
Authors@R: person(given = "Pengyi",
family = "Yang",
role = c("aut", "cre"),
email = "yangpy7@gmail.com")
as necessary.
Flavors: r-devel-linux-x86_64-debian-clang, r-devel-linux-x86_64-debian-gcc
Version: 1.4.2
Check: examples
Result: NOTE
Examples with CPU (user + system) or elapsed time > 5s
user system elapsed
runClue 8.08 0.126 7.774
Flavor: r-devel-linux-x86_64-debian-clang