Last updated on 2025-04-30 04:50:02 CEST.
Flavor | Version | Tinstall | Tcheck | Ttotal | Status | Flags |
---|---|---|---|---|---|---|
r-devel-linux-x86_64-debian-clang | 1.7.3.01 | 13.08 | 168.75 | 181.83 | NOTE | |
r-devel-linux-x86_64-debian-gcc | 1.7.3.01 | 9.45 | 108.38 | 117.83 | NOTE | |
r-devel-linux-x86_64-fedora-clang | 1.7.3.01 | 270.68 | OK | |||
r-devel-linux-x86_64-fedora-gcc | 1.7.3.01 | 290.47 | OK | |||
r-devel-windows-x86_64 | 1.7.3.01 | 14.00 | 148.00 | 162.00 | OK | |
r-patched-linux-x86_64 | 1.7.3.01 | 11.76 | 158.63 | 170.39 | OK | |
r-release-linux-x86_64 | 1.7.3.01 | 11.68 | 157.87 | 169.55 | OK | |
r-release-macos-arm64 | 1.7.3.01 | 73.00 | OK | |||
r-release-macos-x86_64 | 1.7.3.01 | 161.00 | OK | |||
r-release-windows-x86_64 | 1.7.3.01 | 13.00 | 150.00 | 163.00 | OK | |
r-oldrel-macos-arm64 | 1.7.3.01 | 74.00 | OK | |||
r-oldrel-macos-x86_64 | 1.7.3.01 | 118.00 | OK | |||
r-oldrel-windows-x86_64 | 1.7.3.01 | 17.00 | 204.00 | 221.00 | OK |
Version: 1.7.3.01
Check: examples
Result: NOTE
Examples with CPU (user + system) or elapsed time > 5s
user system elapsed
netplot_ClusTCR2 14.153 0.065 19.733
motif_plot 12.954 0.090 15.634
mcl_cluster 12.534 0.218 13.882
ClusTCR 11.231 0.399 13.171
Flavor: r-devel-linux-x86_64-debian-clang
Version: 1.7.3.01
Check: examples
Result: NOTE
Examples with CPU (user + system) or elapsed time > 5s
user system elapsed
netplot_ClusTCR2 6.833 0.026 8.045
motif_plot 6.269 0.020 7.146
mcl_cluster 5.973 0.119 6.668
ClusTCR 5.532 0.320 6.736
Flavor: r-devel-linux-x86_64-debian-gcc