Last updated on 2025-04-30 04:50:02 CEST.
Flavor | Version | Tinstall | Tcheck | Ttotal | Status | Flags |
---|---|---|---|---|---|---|
r-devel-linux-x86_64-debian-clang | 0.1.0 | 4.35 | 206.12 | 210.47 | NOTE | |
r-devel-linux-x86_64-debian-gcc | 0.1.0 | 3.45 | 120.75 | 124.20 | NOTE | |
r-devel-linux-x86_64-fedora-clang | 0.1.0 | 343.80 | OK | |||
r-devel-linux-x86_64-fedora-gcc | 0.1.0 | 350.07 | OK | |||
r-devel-windows-x86_64 | 0.1.0 | 8.00 | 332.00 | 340.00 | OK | |
r-patched-linux-x86_64 | 0.1.0 | 5.89 | 195.38 | 201.27 | OK | |
r-release-linux-x86_64 | 0.1.0 | 4.97 | 193.35 | 198.32 | OK | |
r-release-macos-arm64 | 0.1.0 | 132.00 | OK | |||
r-release-macos-x86_64 | 0.1.0 | 288.00 | OK | |||
r-release-windows-x86_64 | 0.1.0 | 8.00 | 332.00 | 340.00 | OK | |
r-oldrel-macos-arm64 | 0.1.0 | 153.00 | OK | |||
r-oldrel-macos-x86_64 | 0.1.0 | 301.00 | OK | |||
r-oldrel-windows-x86_64 | 0.1.0 | 9.00 | 386.00 | 395.00 | OK |
Version: 0.1.0
Check: examples
Result: NOTE
Examples with CPU (user + system) or elapsed time > 5s
user system elapsed
TauAndParameters_EstParmFunc_FBM 13.769 0.126 17.132
Estimate_Param_EstParmFunc 4.763 0.010 5.914
Estimate_Param_FBM 4.585 0.051 5.972
StudyingParam 0.094 0.039 8.514
FromVectorToMatrix_BPBM 0.055 0.012 9.033
Flavor: r-devel-linux-x86_64-debian-clang
Version: 0.1.0
Check: examples
Result: NOTE
Examples with CPU (user + system) or elapsed time > 5s
user system elapsed
TauAndParameters_EstParmFunc_FBM 7.811 0.070 9.826
StudyingParam 0.083 0.067 5.707
FromVectorToMatrix_BPBM 0.037 0.027 5.587
Flavor: r-devel-linux-x86_64-debian-gcc