CRAN Package Check Results for Package CoNI

Last updated on 2025-04-30 04:50:02 CEST.

Flavor Version Tinstall Tcheck Ttotal Status Flags
r-devel-linux-x86_64-debian-clang 0.1.0 34.66 284.65 319.31 NOTE
r-devel-linux-x86_64-debian-gcc 0.1.0 21.37 209.04 230.41 NOTE
r-devel-linux-x86_64-fedora-clang 0.1.0 529.80 NOTE
r-devel-linux-x86_64-fedora-gcc 0.1.0 502.32 NOTE
r-devel-windows-x86_64 0.1.0 32.00 252.00 284.00 NOTE
r-patched-linux-x86_64 0.1.0 29.85 275.30 305.15 NOTE
r-release-linux-x86_64 0.1.0 29.16 267.99 297.15 NOTE
r-release-macos-arm64 0.1.0 128.00 NOTE
r-release-macos-x86_64 0.1.0 260.00 NOTE
r-release-windows-x86_64 0.1.0 29.00 248.00 277.00 NOTE
r-oldrel-macos-arm64 0.1.0 148.00 NOTE
r-oldrel-macos-x86_64 0.1.0 211.00 NOTE
r-oldrel-windows-x86_64 0.1.0 40.00 339.00 379.00 NOTE

Check Details

Version: 0.1.0
Check: CRAN incoming feasibility
Result: NOTE Maintainer: ‘José Manuel Monroy Kuhn <nolozz@gmail.com>’ Package CITATION file contains call(s) to old-style citEntry(). Please use bibentry() instead. Flavors: r-devel-linux-x86_64-debian-clang, r-devel-linux-x86_64-debian-gcc

Version: 0.1.0
Check: Rd files
Result: NOTE checkRd: (-1) NetStats.Rd:15: Lost braces in \itemize; \value handles \item{}{} directly checkRd: (-1) NetStats.Rd:16: Lost braces in \itemize; \value handles \item{}{} directly checkRd: (-1) NetStats.Rd:17: Lost braces in \itemize; \value handles \item{}{} directly checkRd: (-1) NetStats.Rd:18: Lost braces in \itemize; \value handles \item{}{} directly checkRd: (-1) NetStats.Rd:19: Lost braces in \itemize; \value handles \item{}{} directly checkRd: (-1) NetStats.Rd:20: Lost braces in \itemize; \value handles \item{}{} directly checkRd: (-1) NetStats.Rd:21: Lost braces in \itemize; \value handles \item{}{} directly checkRd: (-1) NetStats.Rd:22: Lost braces in \itemize; \value handles \item{}{} directly checkRd: (-1) NetStats.Rd:23: Lost braces in \itemize; \value handles \item{}{} directly checkRd: (-1) generate_network.Rd:35: Lost braces in \itemize; \value handles \item{}{} directly checkRd: (-1) generate_network.Rd:36: Lost braces in \itemize; \value handles \item{}{} directly checkRd: (-1) generate_network.Rd:37: Lost braces in \itemize; \value handles \item{}{} directly checkRd: (-1) generate_network.Rd:38: Lost braces in \itemize; \value handles \item{}{} directly checkRd: (-1) generate_network.Rd:39: Lost braces in \itemize; \value handles \item{}{} directly checkRd: (-1) generate_network.Rd:40: Lost braces in \itemize; \value handles \item{}{} directly checkRd: (-1) generate_network.Rd:41: Lost braces in \itemize; \value handles \item{}{} directly checkRd: (-1) generate_network.Rd:42: Lost braces in \itemize; \value handles \item{}{} directly checkRd: (-1) generate_network.Rd:43: Lost braces in \itemize; \value handles \item{}{} directly Flavors: r-devel-linux-x86_64-debian-clang, r-devel-linux-x86_64-debian-gcc, r-devel-linux-x86_64-fedora-clang, r-devel-linux-x86_64-fedora-gcc, r-devel-windows-x86_64, r-patched-linux-x86_64, r-release-linux-x86_64, r-release-macos-arm64, r-release-macos-x86_64, r-release-windows-x86_64, r-oldrel-macos-arm64, r-oldrel-macos-x86_64, r-oldrel-windows-x86_64

Version: 0.1.0
Check: examples
Result: NOTE Examples with CPU (user + system) or elapsed time > 5s user system elapsed getVertexsPerEdgeFeature 4.013 0.013 5.091 Flavor: r-devel-linux-x86_64-debian-clang