Last updated on 2025-04-30 04:50:02 CEST.
Flavor | Version | Tinstall | Tcheck | Ttotal | Status | Flags |
---|---|---|---|---|---|---|
r-devel-linux-x86_64-debian-clang | 1.0.4 | 7.30 | 89.10 | 96.40 | NOTE | |
r-devel-linux-x86_64-debian-gcc | 1.0.4 | 5.61 | 64.96 | 70.57 | OK | |
r-devel-linux-x86_64-fedora-clang | 1.0.4 | 154.03 | OK | |||
r-devel-linux-x86_64-fedora-gcc | 1.0.4 | 179.29 | OK | |||
r-devel-windows-x86_64 | 1.0.4 | 8.00 | 105.00 | 113.00 | OK | |
r-patched-linux-x86_64 | 1.0.4 | 7.60 | 85.80 | 93.40 | OK | |
r-release-linux-x86_64 | 1.0.4 | 8.10 | 85.89 | 93.99 | OK | |
r-release-macos-arm64 | 1.0.4 | 57.00 | OK | |||
r-release-macos-x86_64 | 1.0.4 | 103.00 | OK | |||
r-release-windows-x86_64 | 1.0.4 | 9.00 | 109.00 | 118.00 | OK | |
r-oldrel-macos-arm64 | 1.0.4 | 52.00 | NOTE | |||
r-oldrel-macos-x86_64 | 1.0.4 | 81.00 | NOTE | |||
r-oldrel-windows-x86_64 | 1.0.4 | 10.00 | 129.00 | 139.00 | NOTE |
Version: 1.0.4
Check: examples
Result: NOTE
Examples with CPU (user + system) or elapsed time > 5s
user system elapsed
plotRRgradVE 5.250 0.026 6.631
computePower 4.746 0.077 5.908
plotPowerTri 4.495 0.000 5.415
Flavor: r-devel-linux-x86_64-debian-clang
Version: 1.0.4
Check: LazyData
Result: NOTE
'LazyData' is specified without a 'data' directory
Flavors: r-oldrel-macos-arm64, r-oldrel-macos-x86_64, r-oldrel-windows-x86_64