Last updated on 2025-04-30 04:50:02 CEST.
Flavor | Version | Tinstall | Tcheck | Ttotal | Status | Flags |
---|---|---|---|---|---|---|
r-devel-linux-x86_64-debian-clang | 1.43 | 6.47 | 52.70 | 59.17 | NOTE | |
r-devel-linux-x86_64-debian-gcc | 1.43 | 3.91 | 41.78 | 45.69 | NOTE | |
r-devel-linux-x86_64-fedora-clang | 1.43 | 89.87 | OK | |||
r-devel-linux-x86_64-fedora-gcc | 1.43 | 99.55 | OK | |||
r-devel-windows-x86_64 | 1.43 | 6.00 | 70.00 | 76.00 | OK | |
r-patched-linux-x86_64 | 1.43 | 5.12 | 51.81 | 56.93 | OK | |
r-release-linux-x86_64 | 1.43 | 6.09 | 51.60 | 57.69 | OK | |
r-release-macos-arm64 | 1.43 | 33.00 | OK | |||
r-release-macos-x86_64 | 1.43 | 81.00 | OK | |||
r-release-windows-x86_64 | 1.43 | 7.00 | 69.00 | 76.00 | OK | |
r-oldrel-macos-arm64 | 1.43 | 32.00 | OK | |||
r-oldrel-macos-x86_64 | 1.43 | 44.00 | OK | |||
r-oldrel-windows-x86_64 | 1.43 | 8.00 | 78.00 | 86.00 | OK |
Version: 1.43
Check: CRAN incoming feasibility
Result: NOTE
Maintainer: ‘Lars Ronnegard <lrn@du.se>’
No Authors@R field in DESCRIPTION.
Please add one, modifying
Authors@R: person(given = "Lars",
family = "Ronnegard",
role = c("aut", "cre"),
email = "lrn@du.se")
as necessary.
Flavors: r-devel-linux-x86_64-debian-clang, r-devel-linux-x86_64-debian-gcc