Last updated on 2025-02-21 03:52:09 CET.
Flavor | Version | Tinstall | Tcheck | Ttotal | Status | Flags |
---|---|---|---|---|---|---|
r-devel-linux-x86_64-debian-clang | 0.5.11 | 12.48 | 27.21 | 39.69 | OK | |
r-devel-linux-x86_64-debian-gcc | 0.5.11 | 7.67 | 21.32 | 28.99 | OK | |
r-devel-linux-x86_64-fedora-clang | 0.5.11 | 56.09 | ERROR | |||
r-devel-linux-x86_64-fedora-gcc | 0.5.11 | 53.43 | OK | |||
r-devel-macos-arm64 | 0.5.11 | 25.00 | OK | |||
r-devel-macos-x86_64 | 0.5.11 | 36.00 | OK | |||
r-devel-windows-x86_64 | 0.5.11 | 20.00 | 59.00 | 79.00 | OK | |
r-patched-linux-x86_64 | 0.5.11 | 8.81 | 26.17 | 34.98 | OK | |
r-release-linux-x86_64 | 0.5.11 | 8.71 | 25.54 | 34.25 | OK | |
r-release-macos-arm64 | 0.5.11 | 27.00 | OK | |||
r-release-macos-x86_64 | 0.5.11 | 61.00 | OK | |||
r-release-windows-x86_64 | 0.5.11 | 19.00 | 52.00 | 71.00 | OK | |
r-oldrel-macos-arm64 | 0.5.11 | 36.00 | OK | |||
r-oldrel-macos-x86_64 | 0.5.11 | 44.00 | OK | |||
r-oldrel-windows-x86_64 | 0.5.11 | 22.00 | 57.00 | 79.00 | OK |
Version: 0.5.11
Check: examples
Result: ERROR
Running examples in ‘CohensdpLibrary-Ex.R’ failed
The error most likely occurred in:
> ### Name: Cohensdp
> ### Title: Cohen's standardized mean difference.
> ### Aliases: Cohensdp
>
> ### ** Examples
>
>
> # example in which the means are 114 vs. 101 with sds of 14.3 and 12.5 respectively
> Cohensdp( statistics = list( m1= 101, m2= 114, s1= 12.5, s2= 14.3, n1= 12, n2= 12 ),
+ design = "between")
Error: segfault from C stack overflow
Execution halted
Flavor: r-devel-linux-x86_64-fedora-clang
Version: 0.5.11
Check: tests
Result: ERROR
Running ‘testthat.R’
Running the tests in ‘tests/testthat.R’ failed.
Complete output:
> library(testthat)
> test_check("CohensdpLibrary")
Loading required package: CohensdpLibrary
Error: segfault from C stack overflow
Execution halted
Flavor: r-devel-linux-x86_64-fedora-clang