Last updated on 2025-02-21 03:52:09 CET.
Flavor | Version | Tinstall | Tcheck | Ttotal | Status | Flags |
---|---|---|---|---|---|---|
r-devel-linux-x86_64-debian-clang | 0.3.0 | 7.70 | 65.97 | 73.67 | NOTE | |
r-devel-linux-x86_64-debian-gcc | 0.3.0 | 5.41 | 48.60 | 54.01 | NOTE | |
r-devel-linux-x86_64-fedora-clang | 0.3.0 | 116.96 | NOTE | |||
r-devel-linux-x86_64-fedora-gcc | 0.3.0 | 125.54 | NOTE | |||
r-devel-macos-arm64 | 0.3.0 | 57.00 | OK | |||
r-devel-macos-x86_64 | 0.3.0 | 98.00 | NOTE | |||
r-devel-windows-x86_64 | 0.3.0 | 10.00 | 82.00 | 92.00 | NOTE | |
r-patched-linux-x86_64 | 0.3.0 | 7.49 | 62.34 | 69.83 | OK | |
r-release-linux-x86_64 | 0.3.0 | 7.10 | 61.11 | 68.21 | OK | |
r-release-macos-arm64 | 0.3.0 | 45.00 | OK | |||
r-release-macos-x86_64 | 0.3.0 | 79.00 | OK | |||
r-release-windows-x86_64 | 0.3.0 | 7.00 | 141.00 | 148.00 | OK | |
r-oldrel-macos-arm64 | 0.3.0 | 50.00 | OK | |||
r-oldrel-macos-x86_64 | 0.3.0 | 82.00 | OK | |||
r-oldrel-windows-x86_64 | 0.3.0 | 11.00 | 120.00 | 131.00 | OK |
Version: 0.3.0
Check: DESCRIPTION meta-information
Result: NOTE
Missing dependency on R >= 4.1.0 because package code uses the pipe
|> or function shorthand \(...) syntax added in R 4.1.0.
File(s) using such syntax:
‘CopyCohorts.R’ ‘EraFyCohorts.R’ ‘GetCohortIdsInCohortTable.R’
‘IntersectCohorts.R’ ‘MinusCohorts.R’ ‘ReindexCohortsByDays.R’
‘RemoveOverlappingSubjects.R’ ‘UnionCohorts.R’
Flavors: r-devel-linux-x86_64-debian-clang, r-devel-linux-x86_64-debian-gcc, r-devel-linux-x86_64-fedora-clang, r-devel-linux-x86_64-fedora-gcc, r-devel-macos-x86_64, r-devel-windows-x86_64