CRAN Package Check Results for Package CohortCharacteristics

Last updated on 2025-04-30 04:50:02 CEST.

Flavor Version Tinstall Tcheck Ttotal Status Flags
r-devel-linux-x86_64-debian-clang 0.5.1 7.05 750.01 757.06 NOTE
r-devel-linux-x86_64-debian-gcc 0.5.1 4.83 498.21 503.04 NOTE
r-devel-linux-x86_64-fedora-clang 0.5.1 1254.08 OK
r-devel-linux-x86_64-fedora-gcc 0.5.1 1253.73 OK
r-devel-windows-x86_64 0.5.1 9.00 446.00 455.00 OK
r-patched-linux-x86_64 0.5.1 7.40 711.28 718.68 OK
r-release-linux-x86_64 0.5.1 6.88 713.72 720.60 OK
r-release-macos-arm64 0.5.1 260.00 OK
r-release-macos-x86_64 0.5.1 374.00 OK
r-release-windows-x86_64 0.5.1 8.00 437.00 445.00 OK
r-oldrel-macos-arm64 0.5.1 208.00 NOTE
r-oldrel-macos-x86_64 0.5.1 301.00 NOTE
r-oldrel-windows-x86_64 0.5.1 10.00 657.00 667.00 NOTE

Check Details

Version: 0.5.1
Check: examples
Result: NOTE Examples with CPU (user + system) or elapsed time > 5s user system elapsed availablePlotColumns 11.848 0.345 17.446 availableTableColumns 9.566 0.096 12.753 Flavor: r-devel-linux-x86_64-debian-clang

Version: 0.5.1
Check: examples
Result: NOTE Examples with CPU (user + system) or elapsed time > 5s user system elapsed availablePlotColumns 7.840 0.241 11.553 availableTableColumns 6.047 0.132 7.970 Flavor: r-devel-linux-x86_64-debian-gcc

Version: 0.5.1
Check: installed package size
Result: NOTE installed size is 5.6Mb sub-directories of 1Mb or more: doc 3.5Mb help 1.9Mb Flavors: r-oldrel-macos-arm64, r-oldrel-macos-x86_64, r-oldrel-windows-x86_64