Last updated on 2025-04-30 04:50:02 CEST.
Flavor | Version | Tinstall | Tcheck | Ttotal | Status | Flags |
---|---|---|---|---|---|---|
r-devel-linux-x86_64-debian-clang | 0.3.5 | 9.33 | 692.54 | 701.87 | OK | |
r-devel-linux-x86_64-debian-gcc | 0.3.5 | 5.93 | 488.27 | 494.20 | OK | |
r-devel-linux-x86_64-fedora-clang | 0.3.5 | 1136.94 | OK | |||
r-devel-linux-x86_64-fedora-gcc | 0.3.5 | 1122.77 | OK | |||
r-devel-windows-x86_64 | 0.3.5 | 11.00 | 517.00 | 528.00 | OK | |
r-patched-linux-x86_64 | 0.3.5 | 10.07 | 664.10 | 674.17 | OK | |
r-release-linux-x86_64 | 0.3.5 | 8.89 | 660.18 | 669.07 | OK | |
r-release-macos-arm64 | 0.3.5 | 296.00 | OK | |||
r-release-macos-x86_64 | 0.3.5 | 320.00 | OK | |||
r-release-windows-x86_64 | 0.3.5 | 11.00 | 522.00 | 533.00 | OK | |
r-oldrel-macos-arm64 | 0.3.5 | 208.00 | NOTE | |||
r-oldrel-macos-x86_64 | 0.3.5 | 353.00 | NOTE | |||
r-oldrel-windows-x86_64 | 0.3.5 | 14.00 | 818.00 | 832.00 | NOTE |
Version: 0.3.5
Check: installed package size
Result: NOTE
installed size is 8.3Mb
sub-directories of 1Mb or more:
doc 7.4Mb
Flavors: r-oldrel-macos-arm64, r-oldrel-macos-x86_64, r-oldrel-windows-x86_64