CRAN Package Check Results for Package CohortPlat

Last updated on 2025-04-30 04:50:02 CEST.

Flavor Version Tinstall Tcheck Ttotal Status Flags
r-devel-linux-x86_64-debian-clang 1.0.5 6.11 51.43 57.54 NOTE
r-devel-linux-x86_64-debian-gcc 1.0.5 3.30 36.64 39.94 NOTE
r-devel-linux-x86_64-fedora-clang 1.0.5 89.11 OK
r-devel-linux-x86_64-fedora-gcc 1.0.5 106.24 OK
r-devel-windows-x86_64 1.0.5 8.00 65.00 73.00 OK
r-patched-linux-x86_64 1.0.5 5.60 46.65 52.25 OK
r-release-linux-x86_64 1.0.5 4.42 47.37 51.79 OK
r-release-macos-arm64 1.0.5 35.00 OK
r-release-macos-x86_64 1.0.5 65.00 OK
r-release-windows-x86_64 1.0.5 9.00 65.00 74.00 OK
r-oldrel-macos-arm64 1.0.5 32.00 OK
r-oldrel-macos-x86_64 1.0.5 50.00 OK
r-oldrel-windows-x86_64 1.0.5 9.00 78.00 87.00 OK

Check Details

Version: 1.0.5
Check: CRAN incoming feasibility
Result: NOTE Maintainer: ‘Elias Laurin Meyer <elias.meyer@meduniwien.ac.at>’ The Description field contains in Meyer et al. <arXiv:2202.02182>. Please refer to arXiv e-prints via their arXiv DOI <doi:10.48550/arXiv.YYMM.NNNNN>. Flavors: r-devel-linux-x86_64-debian-clang, r-devel-linux-x86_64-debian-gcc

Version: 1.0.5
Check: examples
Result: NOTE Examples with CPU (user + system) or elapsed time > 5s user system elapsed plot_trial 7.804 0.122 11.869 Flavor: r-devel-linux-x86_64-debian-clang

Version: 1.0.5
Check: examples
Result: NOTE Examples with CPU (user + system) or elapsed time > 5s user system elapsed plot_trial 4.584 0.149 5.55 Flavor: r-devel-linux-x86_64-debian-gcc