CRAN Package Check Results for Package Coinprofile

Last updated on 2025-04-30 04:50:02 CEST.

Flavor Version Tinstall Tcheck Ttotal Status Flags
r-devel-linux-x86_64-debian-clang 0.1.9 3.20 28.90 32.10 NOTE
r-devel-linux-x86_64-debian-gcc 0.1.9 2.29 21.86 24.15 NOTE
r-devel-linux-x86_64-fedora-clang 0.1.9 50.37 NOTE
r-devel-linux-x86_64-fedora-gcc 0.1.9 51.85 NOTE
r-devel-windows-x86_64 0.1.9 5.00 46.00 51.00 OK
r-patched-linux-x86_64 0.1.9 3.15 27.27 30.42 OK
r-release-linux-x86_64 0.1.9 3.04 26.73 29.77 OK
r-release-macos-arm64 0.1.9 21.00 OK
r-release-macos-x86_64 0.1.9 29.00 OK
r-release-windows-x86_64 0.1.9 5.00 46.00 51.00 OK
r-oldrel-macos-arm64 0.1.9 17.00 NOTE
r-oldrel-macos-x86_64 0.1.9 27.00 NOTE
r-oldrel-windows-x86_64 0.1.9 5.00 50.00 55.00 NOTE

Check Details

Version: 0.1.9
Check: CRAN incoming feasibility
Result: NOTE Maintainer: ‘Wilmer Martinez <womartin@asu.edu>’ No Authors@R field in DESCRIPTION. Please add one, modifying Authors@R: person(given = "Wilmer", family = "Martinez", role = c("aut", "cre"), email = "womartin@asu.edu") as necessary. Found the following URLs which should use \doi (with the DOI name only): File ‘coincident_profile.Rd’: http://dx.doi.org/10.1016/j.spl.2015.11.008 Flavors: r-devel-linux-x86_64-debian-clang, r-devel-linux-x86_64-debian-gcc

Version: 0.1.9
Check: dependencies in R code
Result: NOTE Namespaces in Imports field not imported from: ‘Rdpack’ ‘coin’ ‘ggplot2’ ‘plyr’ All declared Imports should be used. Flavors: r-devel-linux-x86_64-fedora-clang, r-devel-linux-x86_64-fedora-gcc

Version: 0.1.9
Check: LazyData
Result: NOTE 'LazyData' is specified without a 'data' directory Flavors: r-oldrel-macos-arm64, r-oldrel-macos-x86_64, r-oldrel-windows-x86_64