Last updated on 2025-04-30 04:50:02 CEST.
Flavor | Version | Tinstall | Tcheck | Ttotal | Status | Flags |
---|---|---|---|---|---|---|
r-devel-linux-x86_64-debian-clang | 1.0.4 | 1.68 | 18.74 | 20.42 | NOTE | |
r-devel-linux-x86_64-debian-gcc | 1.0.4 | 1.39 | 15.22 | 16.61 | NOTE | |
r-devel-linux-x86_64-fedora-clang | 1.0.4 | 32.56 | OK | |||
r-devel-linux-x86_64-fedora-gcc | 1.0.4 | 30.83 | OK | |||
r-devel-windows-x86_64 | 1.0.4 | 4.00 | 42.00 | 46.00 | OK | |
r-patched-linux-x86_64 | 1.0.4 | 1.98 | 17.85 | 19.83 | OK | |
r-release-linux-x86_64 | 1.0.4 | 1.93 | 17.96 | 19.89 | OK | |
r-release-macos-arm64 | 1.0.4 | 15.00 | OK | |||
r-release-macos-x86_64 | 1.0.4 | 24.00 | OK | |||
r-release-windows-x86_64 | 1.0.4 | 4.00 | 42.00 | 46.00 | OK | |
r-oldrel-macos-arm64 | 1.0.4 | 20.00 | OK | |||
r-oldrel-macos-x86_64 | 1.0.4 | 23.00 | OK | |||
r-oldrel-windows-x86_64 | 1.0.4 | 4.00 | 42.00 | 46.00 | OK |
Version: 1.0.4
Check: CRAN incoming feasibility
Result: NOTE
Maintainer: ‘Jia-Han Shih <tommy355097@gmail.com>’
No Authors@R field in DESCRIPTION.
Please add one, modifying
Authors@R: person(given = "Jia-Han",
family = "Shih",
role = c("aut", "cre"),
email = "tommy355097@gmail.com")
as necessary.
Flavors: r-devel-linux-x86_64-debian-clang, r-devel-linux-x86_64-debian-gcc