Last updated on 2025-04-30 04:50:02 CEST.
Flavor | Version | Tinstall | Tcheck | Ttotal | Status | Flags |
---|---|---|---|---|---|---|
r-devel-linux-x86_64-debian-clang | 1.0 | 2.70 | 23.98 | 26.68 | NOTE | |
r-devel-linux-x86_64-debian-gcc | 1.0 | 2.02 | 18.29 | 20.31 | NOTE | |
r-devel-linux-x86_64-fedora-clang | 1.0 | 44.07 | NOTE | |||
r-devel-linux-x86_64-fedora-gcc | 1.0 | 40.70 | NOTE | |||
r-devel-windows-x86_64 | 1.0 | 4.00 | 53.00 | 57.00 | OK | |
r-patched-linux-x86_64 | 1.0 | 2.71 | 22.92 | 25.63 | OK | |
r-release-linux-x86_64 | 1.0 | 2.40 | 23.12 | 25.52 | OK | |
r-release-macos-arm64 | 1.0 | 21.00 | OK | |||
r-release-macos-x86_64 | 1.0 | 31.00 | OK | |||
r-release-windows-x86_64 | 1.0 | 4.00 | 50.00 | 54.00 | OK | |
r-oldrel-macos-arm64 | 1.0 | 17.00 | OK | |||
r-oldrel-macos-x86_64 | 1.0 | 25.00 | OK | |||
r-oldrel-windows-x86_64 | 1.0 | 5.00 | 50.00 | 55.00 | OK |
Version: 1.0
Check: CRAN incoming feasibility
Result: NOTE
Maintainer: ‘Saralees Nadarajah <Saralees.Nadarajah@manchester.ac.uk>’
No Authors@R field in DESCRIPTION.
Please add one, modifying
Authors@R: c(person(given = "Martin",
family = "Wiegand",
role = "aut"),
person(given = "Saralees",
family = "Nadarajah",
role = c("aut", "cre"),
email = "saralees.nadarajah@manchester.ac.uk"))
as necessary.
Flavors: r-devel-linux-x86_64-debian-clang, r-devel-linux-x86_64-debian-gcc
Version: 1.0
Check: dependencies in R code
Result: NOTE
Namespaces in Imports field not imported from:
‘PearsonDS’ ‘VGAM’ ‘actuar’ ‘fExtremes’ ‘rmutil’
All declared Imports should be used.
Flavors: r-devel-linux-x86_64-fedora-clang, r-devel-linux-x86_64-fedora-gcc