Last updated on 2025-04-30 04:50:02 CEST.
Flavor | Version | Tinstall | Tcheck | Ttotal | Status | Flags |
---|---|---|---|---|---|---|
r-devel-linux-x86_64-debian-clang | 0.1.0 | 18.01 | 141.79 | 159.80 | NOTE | |
r-devel-linux-x86_64-debian-gcc | 0.1.0 | 13.52 | 100.75 | 114.27 | NOTE | |
r-devel-linux-x86_64-fedora-clang | 0.1.0 | 248.09 | OK | |||
r-devel-linux-x86_64-fedora-gcc | 0.1.0 | 226.15 | OK | |||
r-devel-windows-x86_64 | 0.1.0 | 18.00 | 131.00 | 149.00 | OK | |
r-patched-linux-x86_64 | 0.1.0 | 15.14 | 132.91 | 148.05 | OK | |
r-release-linux-x86_64 | 0.1.0 | 17.23 | 134.26 | 151.49 | OK | |
r-release-macos-arm64 | 0.1.0 | 62.00 | OK | |||
r-release-macos-x86_64 | 0.1.0 | 123.00 | ERROR | |||
r-release-windows-x86_64 | 0.1.0 | 18.00 | 130.00 | 148.00 | OK | |
r-oldrel-macos-arm64 | 0.1.0 | 70.00 | OK | |||
r-oldrel-macos-x86_64 | 0.1.0 | 165.00 | ERROR | |||
r-oldrel-windows-x86_64 | 0.1.0 | 24.00 | 164.00 | 188.00 | OK |
Version: 0.1.0
Check: examples
Result: NOTE
Examples with CPU (user + system) or elapsed time > 5s
user system elapsed
best_model_finder 5.832 0.059 7.468
Flavor: r-devel-linux-x86_64-debian-clang
Version: 0.1.0
Check: examples
Result: NOTE
Examples with CPU (user + system) or elapsed time > 5s
user system elapsed
best_model_finder 3.149 0.761 6.242
Flavor: r-devel-linux-x86_64-debian-gcc
Version: 0.1.0
Check: examples
Result: ERROR
Running examples in ‘CompareMultipleModels-Ex.R’ failed
The error most likely occurred in:
> ### Name: best_model_finder
> ### Title: Finding the Best Model Using Eight Metrics Values
> ### Aliases: best_model_finder
>
> ### ** Examples
>
> set.seed(123) # for reproducibility
> Y <- rnorm(100, 100, 10)
> model_1 <-CEEMDANML::carigaan(Y, ratio = 0.8, n_lag = 4)
Error in optim(init[mask], armafn, method = optim.method, hessian = TRUE, :
non-finite finite-difference value [1]
Calls: <Anonymous> -> arima -> optim
Execution halted
Flavors: r-release-macos-x86_64, r-oldrel-macos-x86_64