Last updated on 2025-11-03 03:49:37 CET.
| Flavor | Version | Tinstall | Tcheck | Ttotal | Status | Flags |
|---|---|---|---|---|---|---|
| r-devel-linux-x86_64-debian-clang | 1.4 | 26.12 | 107.71 | 133.83 | OK | |
| r-devel-linux-x86_64-debian-gcc | 1.4 | 22.21 | 79.03 | 101.24 | OK | |
| r-devel-linux-x86_64-fedora-clang | 1.4 | 220.00 | 8.31 | 228.31 | OK | |
| r-devel-linux-x86_64-fedora-gcc | 1.4 | 71.00 | 131.22 | 202.22 | OK | |
| r-devel-windows-x86_64 | 1.4 | 36.00 | 121.00 | 157.00 | OK | |
| r-patched-linux-x86_64 | 1.4 | 27.23 | 101.52 | 128.75 | OK | |
| r-release-linux-x86_64 | 1.4 | 27.72 | 102.58 | 130.30 | OK | |
| r-release-macos-arm64 | 1.4 | 13.00 | 40.00 | 53.00 | OK | |
| r-release-macos-x86_64 | 1.4 | 54.00 | 152.00 | 206.00 | OK | |
| r-release-windows-x86_64 | 1.4 | 34.00 | 116.00 | 150.00 | OK | |
| r-oldrel-macos-arm64 | 1.4 | 13.00 | 44.00 | 57.00 | NOTE | |
| r-oldrel-macos-x86_64 | 1.4 | 44.00 | 126.00 | 170.00 | NOTE | |
| r-oldrel-windows-x86_64 | 1.4 | 42.00 | 155.00 | 197.00 | NOTE |
Version: 1.4
Check: for GNU extensions in Makefiles
Result: NOTE
GNU make is a SystemRequirements.
Flavors: r-oldrel-macos-arm64, r-oldrel-macos-x86_64, r-oldrel-windows-x86_64