Last updated on 2025-04-30 04:50:02 CEST.
Flavor | Version | Tinstall | Tcheck | Ttotal | Status | Flags |
---|---|---|---|---|---|---|
r-devel-linux-x86_64-debian-clang | 0.7.27 | 12.86 | 113.88 | 126.74 | NOTE | |
r-devel-linux-x86_64-debian-gcc | 0.7.27 | 9.09 | 82.79 | 91.88 | NOTE | |
r-devel-linux-x86_64-fedora-clang | 0.7.27 | 182.79 | OK | |||
r-devel-linux-x86_64-fedora-gcc | 0.7.27 | 181.03 | OK | |||
r-devel-windows-x86_64 | 0.7.27 | 13.00 | 128.00 | 141.00 | OK | |
r-patched-linux-x86_64 | 0.7.27 | 12.08 | 104.68 | 116.76 | OK | |
r-release-linux-x86_64 | 0.7.27 | 11.22 | 103.89 | 115.11 | OK | |
r-release-macos-arm64 | 0.7.27 | 54.00 | OK | |||
r-release-macos-x86_64 | 0.7.27 | 103.00 | OK | |||
r-release-windows-x86_64 | 0.7.27 | 14.00 | 127.00 | 141.00 | OK | |
r-oldrel-macos-arm64 | 0.7.27 | 60.00 | OK | |||
r-oldrel-macos-x86_64 | 0.7.27 | 90.00 | OK | |||
r-oldrel-windows-x86_64 | 0.7.27 | 19.00 | 155.00 | 174.00 | OK |
Version: 0.7.27
Check: examples
Result: NOTE
Examples with CPU (user + system) or elapsed time > 5s
user system elapsed
qgraph.conNEcT 6.692 0.014 7.988
Flavor: r-devel-linux-x86_64-debian-clang
Version: 0.7.27
Check: examples
Result: NOTE
Examples with CPU (user + system) or elapsed time > 5s
user system elapsed
qgraph.conNEcT 4.953 0.076 5.238
Flavor: r-devel-linux-x86_64-debian-gcc