Last updated on 2025-04-30 04:50:02 CEST.
Flavor | Version | Tinstall | Tcheck | Ttotal | Status | Flags |
---|---|---|---|---|---|---|
r-devel-linux-x86_64-debian-clang | 1.2 | 3.49 | 30.08 | 33.57 | NOTE | |
r-devel-linux-x86_64-debian-gcc | 1.2 | 2.39 | 22.59 | 24.98 | NOTE | |
r-devel-linux-x86_64-fedora-clang | 1.2 | 51.15 | OK | |||
r-devel-linux-x86_64-fedora-gcc | 1.2 | 48.83 | OK | |||
r-devel-windows-x86_64 | 1.2 | 4.00 | 52.00 | 56.00 | OK | |
r-patched-linux-x86_64 | 1.2 | 3.05 | 28.26 | 31.31 | OK | |
r-release-linux-x86_64 | 1.2 | 3.44 | 28.18 | 31.62 | OK | |
r-release-macos-arm64 | 1.2 | 21.00 | OK | |||
r-release-macos-x86_64 | 1.2 | 44.00 | OK | |||
r-release-windows-x86_64 | 1.2 | 4.00 | 50.00 | 54.00 | OK | |
r-oldrel-macos-arm64 | 1.2 | 22.00 | OK | |||
r-oldrel-macos-x86_64 | 1.2 | 32.00 | OK | |||
r-oldrel-windows-x86_64 | 1.2 | 4.00 | 52.00 | 56.00 | OK |
Version: 1.2
Check: CRAN incoming feasibility
Result: NOTE
Maintainer: ‘Mary C Meyer <meyer@stat.colostate.edu>’
No Authors@R field in DESCRIPTION.
Please add one, modifying
Authors@R: person(given = c("Mary", "C"),
family = "Meyer",
role = c("aut", "cre"),
email = "meyer@stat.colostate.edu")
as necessary.
Flavors: r-devel-linux-x86_64-debian-clang, r-devel-linux-x86_64-debian-gcc